Last updated on 2023-01-30 10:51:54 CET.
Flavor | Version | Tinstall | Tcheck | Ttotal | Status | Flags |
---|---|---|---|---|---|---|
r-devel-linux-x86_64-debian-clang | 0.8.9 | 20.17 | 335.42 | 355.59 | OK | |
r-devel-linux-x86_64-debian-gcc | 0.8.9 | 16.50 | 252.21 | 268.71 | OK | |
r-devel-linux-x86_64-fedora-clang | 0.8.9 | 420.00 | NOTE | |||
r-devel-linux-x86_64-fedora-gcc | 0.8.9 | 423.42 | OK | |||
r-devel-windows-x86_64 | 0.8.9 | 599.00 | 540.00 | 1139.00 | OK | |
r-patched-linux-x86_64 | 0.8.9 | 19.85 | 315.71 | 335.56 | OK | |
r-release-linux-x86_64 | 0.8.9 | 20.62 | 325.31 | 345.93 | OK | |
r-release-macos-arm64 | 0.8.9 | 157.00 | OK | |||
r-release-macos-x86_64 | 0.8.9 | 222.00 | OK | |||
r-release-windows-x86_64 | 0.8.9 | 599.00 | 568.00 | 1167.00 | OK | |
r-oldrel-macos-arm64 | 0.8.9 | 154.00 | OK | |||
r-oldrel-macos-x86_64 | 0.8.9 | 225.00 | OK | |||
r-oldrel-windows-ix86+x86_64 | 0.8.9 | 158.00 | 509.00 | 667.00 | OK |
Version: 0.8.9
Check: package dependencies
Result: NOTE
Imports includes 27 non-default packages.
Importing from so many packages makes the package vulnerable to any of
them becoming unavailable. Move as many as possible to Suggests and
use conditionally.
Flavor: r-devel-linux-x86_64-fedora-clang