Last updated on 2023-02-07 10:53:51 CET.
Flavor | Version | Tinstall | Tcheck | Ttotal | Status | Flags |
---|---|---|---|---|---|---|
r-devel-linux-x86_64-debian-clang | 0.8.4 | 121.45 | 126.67 | 248.12 | NOTE | |
r-devel-linux-x86_64-debian-gcc | 0.8.4 | 116.63 | 100.31 | 216.94 | NOTE | |
r-devel-linux-x86_64-fedora-clang | 0.8.4 | 339.16 | NOTE | |||
r-devel-linux-x86_64-fedora-gcc | 0.8.4 | 324.05 | NOTE | |||
r-devel-windows-x86_64 | 0.8.4 | 189.00 | 191.00 | 380.00 | NOTE | |
r-patched-linux-x86_64 | 0.8.4 | 87.44 | 131.84 | 219.28 | NOTE | |
r-release-linux-x86_64 | 0.8.4 | 88.09 | 132.55 | 220.64 | NOTE | |
r-release-macos-arm64 | 0.8.4 | 91.00 | NOTE | |||
r-release-macos-x86_64 | 0.8.4 | 163.00 | NOTE | |||
r-release-windows-x86_64 | 0.8.4 | 120.00 | 209.00 | 329.00 | NOTE | |
r-oldrel-macos-arm64 | 0.8.4 | 88.00 | NOTE | |||
r-oldrel-macos-x86_64 | 0.8.4 | 133.00 | NOTE | |||
r-oldrel-windows-ix86+x86_64 | 0.8.4 | 158.00 | 198.00 | 356.00 | NOTE |
Version: 0.8.4
Check: C++ specification
Result: NOTE
Specified C++14: please update to current default of C++17
Flavors: r-devel-linux-x86_64-debian-clang, r-devel-linux-x86_64-debian-gcc, r-devel-linux-x86_64-fedora-clang, r-devel-windows-x86_64
Version: 0.8.4
Check: for GNU extensions in Makefiles
Result: NOTE
GNU make is a SystemRequirements.
Flavors: r-devel-linux-x86_64-debian-clang, r-devel-linux-x86_64-debian-gcc, r-devel-linux-x86_64-fedora-clang, r-devel-linux-x86_64-fedora-gcc, r-devel-windows-x86_64, r-patched-linux-x86_64, r-release-linux-x86_64, r-release-macos-arm64, r-release-macos-x86_64, r-release-windows-x86_64, r-oldrel-macos-arm64, r-oldrel-macos-x86_64, r-oldrel-windows-ix86+x86_64
Version: 0.8.4
Check: C++ specification
Result: NOTE
Specified C++14: please drop specification unless essential
Flavor: r-devel-linux-x86_64-fedora-gcc
Version: 0.8.4
Check: installed package size
Result: NOTE
installed size is 34.1Mb
sub-directories of 1Mb or more:
libs 33.9Mb
Flavors: r-release-macos-arm64, r-release-macos-x86_64, r-oldrel-macos-arm64, r-oldrel-macos-x86_64