Last updated on 2023-12-10 03:59:50 CET.
Flavor | Version | Tinstall | Tcheck | Ttotal | Status | Flags |
---|---|---|---|---|---|---|
r-devel-linux-x86_64-debian-clang | 3.0.0 | 32.43 | 143.00 | 175.43 | NOTE | |
r-devel-linux-x86_64-debian-gcc | 3.0.0 | 23.39 | 118.97 | 142.36 | NOTE | |
r-devel-linux-x86_64-fedora-clang | 3.0.0 | 247.39 | NOTE | |||
r-devel-linux-x86_64-fedora-gcc | 3.0.0 | 241.26 | NOTE | |||
r-devel-windows-x86_64 | 3.0.0 | 26.00 | 133.00 | 159.00 | NOTE | |
r-patched-linux-x86_64 | 3.0.0 | 33.67 | 154.52 | 188.19 | NOTE | |
r-release-linux-x86_64 | 3.0.0 | 23.17 | 152.10 | 175.27 | NOTE | |
r-release-macos-arm64 | 3.0.0 | 73.00 | NOTE | |||
r-release-macos-x86_64 | 3.0.0 | 114.00 | NOTE | |||
r-release-windows-x86_64 | 3.0.0 | 33.00 | 159.00 | 192.00 | NOTE | |
r-oldrel-macos-arm64 | 3.0.0 | 59.00 | NOTE | |||
r-oldrel-macos-x86_64 | 3.0.0 | 78.00 | NOTE | |||
r-oldrel-windows-x86_64 | 3.0.0 | 34.00 | 150.00 | 184.00 | NOTE |
Version: 3.0.0
Check: package dependencies
Result: NOTE
Packages suggested but not available for checking: 'RGtk2', 'cairoDevice'
Flavors: r-devel-linux-x86_64-debian-clang, r-devel-linux-x86_64-debian-gcc, r-devel-linux-x86_64-fedora-clang, r-devel-linux-x86_64-fedora-gcc, r-devel-windows-x86_64, r-patched-linux-x86_64, r-release-linux-x86_64, r-release-macos-arm64, r-release-windows-x86_64, r-oldrel-macos-arm64, r-oldrel-macos-x86_64, r-oldrel-windows-x86_64
Version: 3.0.0
Check: Rd files
Result: NOTE
checkRd: (-1) utils.Rd:58: Lost braces in \itemize; meant \describe ?
checkRd: (-1) utils.Rd:59: Lost braces in \itemize; meant \describe ?
checkRd: (-1) utils.Rd:60: Lost braces in \itemize; meant \describe ?
Flavors: r-devel-linux-x86_64-debian-clang, r-devel-linux-x86_64-debian-gcc
Version: 3.0.0
Check: Rd \usage sections
Result: NOTE
Documented arguments not in \usage in Rd file 'utils.Rd':
‘max.len’
Functions with \usage entries need to have the appropriate \alias
entries, and all their arguments documented.
The \usage entries must correspond to syntactically valid R code.
See chapter ‘Writing R documentation files’ in the ‘Writing R
Extensions’ manual.
Flavors: r-devel-linux-x86_64-debian-clang, r-devel-linux-x86_64-debian-gcc, r-devel-linux-x86_64-fedora-clang, r-devel-linux-x86_64-fedora-gcc, r-devel-windows-x86_64
Version: 3.0.0
Check: package dependencies
Result: NOTE
Packages suggested but not available for checking:
'RGtk2', 'cairoDevice', 'car', 'mediation'
Flavor: r-release-macos-x86_64
Version: 3.0.0
Check: Rd cross-references
Result: NOTE
Packages unavailable to check Rd xrefs: ‘car’, ‘mediation’
Flavor: r-release-macos-x86_64