Last updated on 2023-01-27 11:49:23 CET.
Flavor | Version | Tinstall | Tcheck | Ttotal | Status | Flags |
---|---|---|---|---|---|---|
r-devel-linux-x86_64-debian-clang | 3.0.0 | 31.09 | 161.25 | 192.34 | NOTE | |
r-devel-linux-x86_64-debian-gcc | 3.0.0 | 23.04 | 116.55 | 139.59 | NOTE | |
r-devel-linux-x86_64-fedora-clang | 3.0.0 | 248.74 | NOTE | |||
r-devel-linux-x86_64-fedora-gcc | 3.0.0 | 228.38 | NOTE | |||
r-devel-windows-x86_64 | 3.0.0 | 86.00 | 189.00 | 275.00 | OK | |
r-patched-linux-x86_64 | 3.0.0 | 33.04 | 146.47 | 179.51 | NOTE | |
r-release-linux-x86_64 | 3.0.0 | 34.16 | 148.57 | 182.73 | NOTE | |
r-release-macos-arm64 | 3.0.0 | 59.00 | NOTE | |||
r-release-macos-x86_64 | 3.0.0 | 78.00 | NOTE | |||
r-release-windows-x86_64 | 3.0.0 | 113.00 | 180.00 | 293.00 | OK | |
r-oldrel-macos-arm64 | 3.0.0 | 66.00 | NOTE | |||
r-oldrel-macos-x86_64 | 3.0.0 | 100.00 | OK | |||
r-oldrel-windows-ix86+x86_64 | 3.0.0 | 50.00 | 168.00 | 218.00 | OK |
Version: 3.0.0
Check: package dependencies
Result: NOTE
Packages suggested but not available for checking: 'RGtk2', 'cairoDevice'
Flavors: r-devel-linux-x86_64-debian-clang, r-devel-linux-x86_64-debian-gcc, r-devel-linux-x86_64-fedora-clang, r-devel-linux-x86_64-fedora-gcc, r-patched-linux-x86_64, r-release-linux-x86_64, r-release-macos-arm64, r-release-macos-x86_64, r-oldrel-macos-arm64