Last updated on 2023-01-29 18:53:03 CET.
Flavor | Version | Tinstall | Tcheck | Ttotal | Status | Flags |
---|---|---|---|---|---|---|
r-devel-linux-x86_64-debian-clang | 0.3.0 | 3.92 | 43.02 | 46.94 | OK | |
r-devel-linux-x86_64-debian-gcc | 0.3.0 | 2.89 | 32.29 | 35.18 | OK | |
r-devel-linux-x86_64-fedora-clang | 0.3.0 | 56.78 | NOTE | |||
r-devel-linux-x86_64-fedora-gcc | 0.3.0 | 56.84 | NOTE | |||
r-devel-windows-x86_64 | 0.3.0 | 15.00 | 82.00 | 97.00 | OK | |
r-patched-linux-x86_64 | 0.3.0 | 3.93 | 41.79 | 45.72 | OK | |
r-release-linux-x86_64 | 0.3.0 | 2.50 | 40.72 | 43.22 | OK | |
r-release-macos-arm64 | 0.3.0 | 22.00 | NOTE | |||
r-release-macos-x86_64 | 0.3.0 | 36.00 | NOTE | |||
r-release-windows-x86_64 | 0.3.0 | 17.00 | 71.00 | 88.00 | OK | |
r-oldrel-macos-arm64 | 0.3.0 | 22.00 | OK | |||
r-oldrel-macos-x86_64 | 0.3.0 | 34.00 | NOTE | |||
r-oldrel-windows-ix86+x86_64 | 0.3.0 | 9.00 | 75.00 | 84.00 | OK |
Version: 0.3.0
Check: dependencies in R code
Result: NOTE
Namespaces in Imports field not imported from:
‘Rgraphviz’ ‘fastDummies’
All declared Imports should be used.
Flavors: r-devel-linux-x86_64-fedora-clang, r-devel-linux-x86_64-fedora-gcc, r-release-macos-arm64, r-release-macos-x86_64, r-oldrel-macos-x86_64