CRAN Package Check Results for Package blockrand

Last updated on 2018-08-17 18:46:45 CEST.

Flavor Version Tinstall Tcheck Ttotal Status Flags
r-devel-linux-x86_64-debian-clang 1.3 1.00 17.50 18.50 NOTE
r-devel-linux-x86_64-debian-gcc 1.3 0.87 14.27 15.14 NOTE
r-devel-linux-x86_64-fedora-clang 1.3 22.65 NOTE
r-devel-linux-x86_64-fedora-gcc 1.3 21.08 NOTE
r-devel-windows-ix86+x86_64 1.3 3.00 27.00 30.00 NOTE
r-patched-linux-x86_64 1.3 0.80 16.15 16.95 NOTE
r-patched-solaris-x86 1.3 33.80 NOTE
r-release-linux-x86_64 1.3 0.86 15.98 16.84 NOTE
r-release-windows-ix86+x86_64 1.3 4.00 24.00 28.00 NOTE
r-release-osx-x86_64 1.3 NOTE
r-oldrel-windows-ix86+x86_64 1.3 2.00 24.00 26.00 NOTE
r-oldrel-osx-x86_64 1.3 NOTE

Check Details

Version: 1.3
Check: R code for possible problems
Result: NOTE
    plotblockrand: no visible global function definition for ‘pdf’
    plotblockrand: no visible global function definition for ‘dev.off’
    plotblockrand: no visible global function definition for ‘par’
    plotblockrand: no visible global function definition for ‘plot.new’
    plotblockrand: no visible global function definition for ‘strheight’
    plotblockrand: no visible global function definition for ‘strwidth’
    plotblockrand: no visible global function definition for ‘text’
    plotblockrand: no visible global function definition for ‘lines’
    Undefined global functions or variables:
     dev.off lines par pdf plot.new strheight strwidth text
    Consider adding
     importFrom("grDevices", "dev.off", "pdf")
     importFrom("graphics", "lines", "par", "plot.new", "strheight",
     "strwidth", "text")
    to your NAMESPACE file.
Flavors: r-devel-linux-x86_64-debian-clang, r-devel-linux-x86_64-debian-gcc, r-devel-linux-x86_64-fedora-clang, r-devel-linux-x86_64-fedora-gcc, r-devel-windows-ix86+x86_64, r-patched-linux-x86_64, r-patched-solaris-x86, r-release-linux-x86_64, r-release-windows-ix86+x86_64, r-release-osx-x86_64, r-oldrel-windows-ix86+x86_64, r-oldrel-osx-x86_64