CRAN Package Check Results for Package bit64

Last updated on 2024-07-14 02:54:45 CEST.

Flavor Version Tinstall Tcheck Ttotal Status Flags
r-devel-linux-x86_64-debian-clang 4.0.5 15.18 63.85 79.03 NOTE
r-devel-linux-x86_64-debian-gcc 4.0.5 12.91 46.62 59.53 NOTE
r-devel-linux-x86_64-fedora-clang 4.0.5 97.32 NOTE
r-devel-linux-x86_64-fedora-gcc 4.0.5 100.72 NOTE
r-devel-windows-x86_64 4.0.5 19.00 83.00 102.00 NOTE
r-patched-linux-x86_64 4.0.5 17.10 59.17 76.27 NOTE
r-release-linux-x86_64 4.0.5 14.35 61.57 75.92 NOTE
r-release-macos-arm64 4.0.5 27.00 NOTE
r-release-macos-x86_64 4.0.5 70.00 NOTE
r-release-windows-x86_64 4.0.5 19.00 83.00 102.00 NOTE
r-oldrel-macos-arm64 4.0.5 32.00 OK
r-oldrel-macos-x86_64 4.0.5 39.00 OK
r-oldrel-windows-x86_64 4.0.5 20.00 92.00 112.00 OK

Check Details

Version: 4.0.5
Check: Rd files
Result: NOTE checkRd: (-1) keypos.rd:27: Lost braces 27 | an integer vector of the same length as code{x} containing positions relativ to code{sort(unique(x), na.last=FALSE)} | ^ checkRd: (-1) keypos.rd:27: Lost braces 27 | an integer vector of the same length as code{x} containing positions relativ to code{sort(unique(x), na.last=FALSE)} | ^ Flavors: r-devel-linux-x86_64-debian-clang, r-devel-linux-x86_64-debian-gcc, r-devel-linux-x86_64-fedora-clang, r-devel-linux-x86_64-fedora-gcc, r-devel-windows-x86_64, r-patched-linux-x86_64, r-release-linux-x86_64, r-release-macos-arm64, r-release-macos-x86_64, r-release-windows-x86_64

Version: 4.0.5
Check: Rd cross-references
Result: NOTE Found the following Rd file(s) with Rd \link{} targets missing package anchors: bit64-package.rd: bit, bitwhich, &.bit, &.bitwhich cache.rd: still.identical, na.count, nvalid, is.sorted, nunique, nties hashcache.rd: ramsort, ramsortorder, ramorder, nunique ramsort.integer64.rd: ramsort, ramsortorder, ramorder sort.integer64.rd: ramsort, ramsortorder Please provide package anchors for all Rd \link{} targets not in the package itself and the base packages. Flavor: r-devel-windows-x86_64