Last updated on 2023-02-05 02:50:28 CET.
Flavor | Version | Tinstall | Tcheck | Ttotal | Status | Flags |
---|---|---|---|---|---|---|
r-devel-linux-x86_64-debian-clang | 1.3 | 12.43 | 96.11 | 108.54 | OK | |
r-devel-linux-x86_64-debian-gcc | 1.3 | 9.42 | 70.37 | 79.79 | OK | |
r-devel-linux-x86_64-fedora-clang | 1.3 | 134.08 | NOTE | |||
r-devel-linux-x86_64-fedora-gcc | 1.3 | 129.67 | OK | |||
r-devel-windows-x86_64 | 1.3 | 27.00 | 123.00 | 150.00 | OK | |
r-patched-linux-x86_64 | 1.3 | 10.28 | 93.96 | 104.24 | OK | |
r-release-linux-x86_64 | 1.3 | 11.94 | 91.47 | 103.41 | OK | |
r-release-macos-arm64 | 1.3 | 39.00 | OK | |||
r-release-macos-x86_64 | 1.3 | 54.00 | OK | |||
r-release-windows-x86_64 | 1.3 | 25.00 | 140.00 | 165.00 | OK | |
r-oldrel-macos-arm64 | 1.3 | 42.00 | OK | |||
r-oldrel-macos-x86_64 | 1.3 | 73.00 | OK | |||
r-oldrel-windows-ix86+x86_64 | 1.3 | 25.00 | 129.00 | 154.00 | OK |
Version: 1.3
Check: Rd cross-references
Result: NOTE
Undeclared package ‘genalg’ in Rd xrefs
Flavor: r-devel-linux-x86_64-fedora-clang