Last updated on 2023-02-05 11:10:27 CET.
Flavor | Version | Tinstall | Tcheck | Ttotal | Status | Flags |
---|---|---|---|---|---|---|
r-devel-linux-x86_64-debian-clang | 1.11.6 | 276.55 | 289.12 | 565.67 | NOTE | |
r-devel-linux-x86_64-debian-gcc | 1.11.6 | 199.85 | 210.06 | 409.91 | NOTE | |
r-devel-linux-x86_64-fedora-clang | 1.11.6 | 769.44 | NOTE | |||
r-devel-linux-x86_64-fedora-gcc | 1.11.6 | 669.10 | NOTE | |||
r-devel-windows-x86_64 | 1.11.6 | 386.00 | 370.00 | 756.00 | NOTE | |
r-patched-linux-x86_64 | 1.11.6 | 182.60 | 271.23 | 453.83 | OK | |
r-release-linux-x86_64 | 1.11.6 | 174.50 | 262.62 | 437.12 | OK | |
r-release-macos-arm64 | 1.11.6 | 200.00 | NOTE | |||
r-release-macos-x86_64 | 1.11.6 | 222.00 | NOTE | |||
r-release-windows-x86_64 | 1.11.6 | 365.00 | 372.00 | 737.00 | OK | |
r-oldrel-macos-arm64 | 1.11.6 | 198.00 | NOTE | |||
r-oldrel-macos-x86_64 | 1.11.6 | 235.00 | NOTE | |||
r-oldrel-windows-ix86+x86_64 | 1.11.6 | 709.00 | 590.00 | 1299.00 | OK |
Version: 1.11.6
Check: C++ specification
Result: NOTE
Specified C++11: please update to current default of C++17
Flavors: r-devel-linux-x86_64-debian-clang, r-devel-linux-x86_64-debian-gcc, r-devel-linux-x86_64-fedora-clang, r-devel-linux-x86_64-fedora-gcc, r-devel-windows-x86_64
Version: 1.11.6
Check: installed package size
Result: NOTE
installed size is 9.1Mb
sub-directories of 1Mb or more:
libs 7.7Mb
Flavors: r-release-macos-arm64, r-release-macos-x86_64, r-oldrel-macos-arm64, r-oldrel-macos-x86_64