CRAN Package Check Results for Package bestSDP

Last updated on 2025-01-25 18:50:22 CET.

Flavor Version Tinstall Tcheck Ttotal Status Flags
r-devel-linux-x86_64-debian-clang 0.1.2 3.45 27.42 30.87 OK
r-devel-linux-x86_64-debian-gcc 0.1.2 2.08 21.35 23.43 OK
r-devel-linux-x86_64-fedora-clang 0.1.2 50.38 NOTE
r-devel-linux-x86_64-fedora-gcc 0.1.2 47.34 NOTE
r-devel-windows-x86_64 0.1.2 7.00 48.00 55.00 OK
r-patched-linux-x86_64 0.1.2 3.27 26.23 29.50 NOTE
r-release-linux-x86_64 0.1.2 2.89 26.53 29.42 NOTE
r-release-macos-arm64 0.1.2 20.00 NOTE
r-release-macos-x86_64 0.1.2 29.00 NOTE
r-release-windows-x86_64 0.1.2 6.00 48.00 54.00 NOTE
r-oldrel-macos-arm64 0.1.2 21.00 NOTE
r-oldrel-macos-x86_64 0.1.2 26.00 NOTE
r-oldrel-windows-x86_64 0.1.2 6.00 51.00 57.00 NOTE

Check Details

Version: 0.1.2
Check: dependencies in R code
Result: NOTE Namespaces in Imports field not imported from: ‘DT’ ‘dplyr’ ‘ggplot2’ ‘readxl’ ‘rlist’ ‘shinyBS’ ‘shinyWidgets’ ‘shinydashboard’ ‘shinyjs’ ‘shinythemes’ ‘stringr’ ‘tidyr’ All declared Imports should be used. Flavors: r-devel-linux-x86_64-fedora-clang, r-devel-linux-x86_64-fedora-gcc

Version: 0.1.2
Check: LazyData
Result: NOTE 'LazyData' is specified without a 'data' directory Flavors: r-patched-linux-x86_64, r-release-linux-x86_64, r-release-macos-arm64, r-release-macos-x86_64, r-release-windows-x86_64, r-oldrel-macos-arm64, r-oldrel-macos-x86_64, r-oldrel-windows-x86_64