CRAN Package Check Results for Package bayesplot

Last updated on 2022-12-07 03:57:18 CET.

Flavor Version Tinstall Tcheck Ttotal Status Flags
r-devel-linux-x86_64-debian-clang 1.10.0 14.95 497.38 512.33 OK
r-devel-linux-x86_64-debian-gcc 1.10.0 11.73 353.68 365.41 OK
r-devel-linux-x86_64-fedora-clang 1.10.0 626.58 NOTE
r-devel-linux-x86_64-fedora-gcc 1.10.0 605.62 OK
r-devel-windows-x86_64 1.10.0 144.00 506.00 650.00 NOTE
r-patched-linux-x86_64 1.10.0 21.72 446.71 468.43 OK
r-release-linux-x86_64 1.10.0 11.45 451.99 463.44 OK
r-release-macos-arm64 1.10.0 170.00 NOTE
r-release-macos-x86_64 1.10.0 190.00 NOTE
r-release-windows-x86_64 1.10.0 112.00 501.00 613.00 NOTE
r-oldrel-macos-arm64 1.10.0 144.00 NOTE
r-oldrel-macos-x86_64 1.10.0 189.00 NOTE
r-oldrel-windows-ix86+x86_64 1.10.0 29.00 528.00 557.00 WARN

Check Details

Version: 1.10.0
Check: installed package size
Result: NOTE
     installed size is 6.5Mb
     sub-directories of 1Mb or more:
     R 1.9Mb
     doc 3.9Mb
Flavors: r-devel-linux-x86_64-fedora-clang, r-devel-windows-x86_64, r-release-macos-arm64, r-release-macos-x86_64, r-release-windows-x86_64, r-oldrel-macos-arm64, r-oldrel-macos-x86_64, r-oldrel-windows-ix86+x86_64

Version: 1.10.0
Check: for unstated dependencies in ‘tests’
Result: WARN
    Warning: unable to access index for repository https://bioconductor.org/packages/3.14/bioc/src/contrib:
     cannot open URL 'https://bioconductor.org/packages/3.14/bioc/src/contrib/PACKAGES'
    Warning: unable to access index for repository https://bioconductor.org/packages/3.14/data/annotation/src/contrib:
     cannot open URL 'https://bioconductor.org/packages/3.14/data/annotation/src/contrib/PACKAGES'
    Warning: unable to access index for repository https://bioconductor.org/packages/3.14/data/experiment/src/contrib:
     cannot open URL 'https://bioconductor.org/packages/3.14/data/experiment/src/contrib/PACKAGES'
Flavor: r-oldrel-windows-ix86+x86_64