Last updated on 2025-01-26 10:48:17 CET.
Flavor | Version | Tinstall | Tcheck | Ttotal | Status | Flags |
---|---|---|---|---|---|---|
r-devel-linux-x86_64-debian-clang | 0.2.1 | 35.50 | 97.90 | 133.40 | NOTE | |
r-devel-linux-x86_64-debian-gcc | 0.2.1 | 23.58 | 65.18 | 88.76 | NOTE | |
r-devel-linux-x86_64-fedora-clang | 0.2.1 | 229.40 | NOTE | |||
r-devel-linux-x86_64-fedora-gcc | 0.2.1 | 219.40 | NOTE | |||
r-devel-windows-x86_64 | 0.2.1 | 40.00 | 133.00 | 173.00 | NOTE | |
r-patched-linux-x86_64 | 0.2.1 | 30.07 | 90.50 | 120.57 | NOTE | |
r-release-linux-x86_64 | 0.2.1 | 33.48 | 88.80 | 122.28 | NOTE | |
r-release-macos-arm64 | 0.2.1 | 59.00 | NOTE | |||
r-release-macos-x86_64 | 0.2.1 | 83.00 | NOTE | |||
r-release-windows-x86_64 | 0.2.1 | 39.00 | 134.00 | 173.00 | NOTE | |
r-oldrel-macos-arm64 | 0.2.1 | 68.00 | OK | |||
r-oldrel-macos-x86_64 | 0.2.1 | 107.00 | OK | |||
r-oldrel-windows-x86_64 | 0.2.1 | 44.00 | 163.00 | 207.00 | OK |
Version: 0.2.1
Check: Rd files
Result: NOTE
checkRd: (-1) insert_NAs.Rd:22: Lost braces; missing escapes or markup?
22 | A data frame where new rows have been inserted to regularize the \code{date} column. This results in values provided for \code{id}, \code{date}, and {dt} while inserting NAs for all other columns. Additionally, observations with duplicate date-times are removed.
| ^
Flavors: r-devel-linux-x86_64-debian-clang, r-devel-linux-x86_64-debian-gcc, r-devel-linux-x86_64-fedora-clang, r-devel-linux-x86_64-fedora-gcc, r-devel-windows-x86_64, r-patched-linux-x86_64, r-release-linux-x86_64, r-release-macos-arm64, r-release-macos-x86_64, r-release-windows-x86_64