CRAN Package Check Results for Package bayesanova

Last updated on 2024-03-03 04:48:30 CET.

Flavor Version Tinstall Tcheck Ttotal Status Flags
r-devel-linux-x86_64-debian-clang 1.5 12.47 61.71 74.18 NOTE
r-devel-linux-x86_64-debian-gcc 1.5 11.06 45.31 56.37 NOTE
r-devel-linux-x86_64-fedora-clang 1.5 93.32 NOTE
r-devel-linux-x86_64-fedora-gcc 1.5 87.74 NOTE
r-devel-windows-x86_64 1.5 11.00 65.00 76.00 NOTE
r-patched-linux-x86_64 1.5 10.07 59.52 69.59 OK
r-release-linux-x86_64 1.5 11.63 62.80 74.43 OK
r-release-macos-arm64 1.5 31.00 OK
r-release-macos-x86_64 1.5 48.00 OK
r-release-windows-x86_64 1.5 14.00 75.00 89.00 OK
r-oldrel-macos-arm64 1.5 29.00 OK
r-oldrel-windows-x86_64 1.5 14.00 75.00 89.00 OK

Check Details

Version: 1.5
Check: Rd metadata
Result: NOTE Invalid package aliases in Rd file 'bayesANOVA-package.Rd': ‘bayesANOVA-package’ Flavors: r-devel-linux-x86_64-debian-clang, r-devel-linux-x86_64-debian-gcc, r-devel-linux-x86_64-fedora-clang, r-devel-linux-x86_64-fedora-gcc, r-devel-windows-x86_64