CRAN Package Check Results for Package basket

Last updated on 2024-07-20 10:48:06 CEST.

Flavor Version Tinstall Tcheck Ttotal Status Flags
r-devel-linux-x86_64-debian-clang 0.10.11 11.21 244.03 255.24 NOTE
r-devel-linux-x86_64-debian-gcc 0.10.11 8.84 159.67 168.51 NOTE
r-devel-linux-x86_64-fedora-clang 0.10.11 303.63 NOTE
r-devel-linux-x86_64-fedora-gcc 0.10.11 316.08 NOTE
r-devel-windows-x86_64 0.10.11 10.00 157.00 167.00 NOTE
r-patched-linux-x86_64 0.10.11 8.55 221.56 230.11 NOTE
r-release-linux-x86_64 0.10.11 6.64 235.04 241.68 NOTE
r-release-macos-arm64 0.10.11 73.00 NOTE
r-release-macos-x86_64 0.10.11 136.00 NOTE
r-release-windows-x86_64 0.10.11 9.00 153.00 162.00 NOTE
r-oldrel-macos-arm64 0.10.11 83.00 OK
r-oldrel-macos-x86_64 0.10.11 125.00 OK
r-oldrel-windows-x86_64 0.10.11 12.00 208.00 220.00 OK

Check Details

Version: 0.10.11
Check: Rd files
Result: NOTE checkRd: (-1) basket-package.Rd:22: Lost braces in \itemize; meant \describe ? checkRd: (-1) basket-package.Rd:23-24: Lost braces in \itemize; meant \describe ? checkRd: (-1) basket-package.Rd:25-26: Lost braces in \itemize; meant \describe ? checkRd: (-1) basket-package.Rd:27-28: Lost braces in \itemize; meant \describe ? checkRd: (-1) basket-package.Rd:29-30: Lost braces in \itemize; meant \describe ? checkRd: (-1) basket-package.Rd:31-32: Lost braces in \itemize; meant \describe ? checkRd: (-1) basket-package.Rd:33: Lost braces in \itemize; meant \describe ? checkRd: (-1) basket-package.Rd:34: Lost braces in \itemize; meant \describe ? checkRd: (-1) basket-package.Rd:35: Lost braces in \itemize; meant \describe ? checkRd: (-1) basket-package.Rd:36-37: Lost braces in \itemize; meant \describe ? checkRd: (-1) basket-package.Rd:38: Lost braces in \itemize; meant \describe ? checkRd: (-1) basket-package.Rd:39: Lost braces in \itemize; meant \describe ? checkRd: (-1) basket-package.Rd:40: Lost braces in \itemize; meant \describe ? checkRd: (-1) plot_map.Rd:26-30: Lost braces in \itemize; meant \describe ? checkRd: (-1) plot_map.Rd:31-32: Lost braces in \itemize; meant \describe ? checkRd: (-1) plot_map.Rd:33-34: Lost braces in \itemize; meant \describe ? checkRd: (-1) plot_map.Rd:35-36: Lost braces in \itemize; meant \describe ? checkRd: (-1) plot_map.Rd:37: Lost braces in \itemize; meant \describe ? checkRd: (-1) plot_map.Rd:38-39: Lost braces in \itemize; meant \describe ? checkRd: (-1) plot_map.Rd:40: Lost braces in \itemize; meant \describe ? checkRd: (-1) plot_map.Rd:41-42: Lost braces in \itemize; meant \describe ? checkRd: (-1) plot_map.Rd:43-44: Lost braces in \itemize; meant \describe ? checkRd: (-1) plot_pep.Rd:26-35: Lost braces in \itemize; meant \describe ? checkRd: (-1) plot_pep.Rd:31: Lost braces 31 | \item{[text_color]}{A text string setting the color of the exchangeability | ^ checkRd: (-1) plot_pep.Rd:31-32: Lost braces 31 | \item{[text_color]}{A text string setting the color of the exchangeability | ^ checkRd: (-1) plot_pep.Rd:33: Lost braces 33 | \item{[tile_color]}{A text string setting the color of the edges of the | ^ checkRd: (-1) plot_pep.Rd:33-34: Lost braces 33 | \item{[tile_color]}{A text string setting the color of the edges of the | ^ checkRd: (-1) plot_pep.Rd:36-37: Lost braces in \itemize; meant \describe ? checkRd: (-1) plot_pep.Rd:38: Lost braces in \itemize; meant \describe ? checkRd: (-1) plot_pep.Rd:39-40: Lost braces in \itemize; meant \describe ? checkRd: (-1) plot_pep.Rd:41: Lost braces in \itemize; meant \describe ? checkRd: (-1) plot_pep.Rd:42-43: Lost braces in \itemize; meant \describe ? checkRd: (-1) plot_pep.Rd:44-45: Lost braces in \itemize; meant \describe ? checkRd: (-1) vemu.Rd:20: Lost braces; missing escapes or markup? 20 | concluded that nonmelanoma tumor types harboring $BRAF^{V600}$ mutations | ^ Flavors: r-devel-linux-x86_64-debian-clang, r-devel-linux-x86_64-debian-gcc, r-devel-linux-x86_64-fedora-clang, r-devel-linux-x86_64-fedora-gcc, r-devel-windows-x86_64, r-patched-linux-x86_64, r-release-linux-x86_64, r-release-macos-arm64, r-release-macos-x86_64, r-release-windows-x86_64