CRAN Package Check Results for Package basifoR

Last updated on 2024-07-20 02:48:54 CEST.

Flavor Version Tinstall Tcheck Ttotal Status Flags
r-devel-linux-x86_64-debian-clang 0.4 5.31 61.80 67.11 NOTE
r-devel-linux-x86_64-debian-gcc 0.4 6.19 47.41 53.60 NOTE
r-devel-linux-x86_64-fedora-clang 0.4 90.57 NOTE
r-devel-linux-x86_64-fedora-gcc 0.4 86.69 NOTE
r-devel-windows-x86_64 0.4 9.00 66.00 75.00 NOTE
r-patched-linux-x86_64 0.4 14.50 58.05 72.55 NOTE
r-release-linux-x86_64 0.4 4.82 59.24 64.06 NOTE
r-release-macos-arm64 0.4 30.00 NOTE
r-release-macos-x86_64 0.4 45.00 NOTE
r-release-windows-x86_64 0.4 8.00 67.00 75.00 NOTE
r-oldrel-macos-arm64 0.4 32.00 OK
r-oldrel-macos-x86_64 0.4 44.00 OK
r-oldrel-windows-x86_64 0.4 10.00 75.00 85.00 OK

Check Details

Version: 0.4
Check: Rd files
Result: NOTE checkRd: (-1) nfiMetrics.Rd:23: Lost braces 23 | code{(4)} the number of | ^ Flavors: r-devel-linux-x86_64-debian-clang, r-devel-linux-x86_64-debian-gcc, r-devel-linux-x86_64-fedora-clang, r-devel-linux-x86_64-fedora-gcc, r-devel-windows-x86_64, r-patched-linux-x86_64, r-release-linux-x86_64, r-release-macos-arm64, r-release-macos-x86_64, r-release-windows-x86_64

Version: 0.4
Check: Rd cross-references
Result: NOTE Found the following Rd file(s) with Rd \link{} targets missing package anchors: readNFI.Rd: read.dbf, RODBC, mdb.get urlToTemp.Rd: timeout Please provide package anchors for all Rd \link{} targets not in the package itself and the base packages. Flavor: r-devel-windows-x86_64