CRAN Package Check Results for Package base64enc

Last updated on 2024-02-28 18:50:29 CET.

Flavor Version Tinstall Tcheck Ttotal Status Flags
r-devel-linux-x86_64-debian-clang 0.1-3 3.04 19.89 22.93 OK
r-devel-linux-x86_64-debian-gcc 0.1-3 1.91 15.78 17.69 OK
r-devel-linux-x86_64-fedora-clang 0.1-3 29.42 NOTE
r-devel-linux-x86_64-fedora-gcc 0.1-3 28.32 NOTE
r-devel-windows-x86_64 0.1-3 8.00 40.00 48.00 OK
r-patched-linux-x86_64 0.1-3 3.01 20.25 23.26 OK
r-release-linux-x86_64 0.1-3 2.46 20.14 22.60 OK
r-release-macos-arm64 0.1-3 16.00 OK
r-release-macos-x86_64 0.1-3 21.00 OK
r-release-windows-x86_64 0.1-3 6.00 39.00 45.00 OK
r-oldrel-macos-arm64 0.1-3 15.00 OK
r-oldrel-windows-x86_64 0.1-3 9.00 46.00 55.00 OK

Check Details

Version: 0.1-3
Check: compiled code
Result: NOTE File ‘base64enc/libs/base64enc.so’: Found no calls to: ‘R_registerRoutines’, ‘R_useDynamicSymbols’ It is good practice to register native routines and to disable symbol search. See ‘Writing portable packages’ in the ‘Writing R Extensions’ manual. Flavors: r-devel-linux-x86_64-fedora-clang, r-devel-linux-x86_64-fedora-gcc