Last updated on 2025-01-20 18:49:33 CET.
Flavor | Version | Tinstall | Tcheck | Ttotal | Status | Flags |
---|---|---|---|---|---|---|
r-devel-linux-x86_64-debian-clang | 0.5.0 | 59.94 | 443.23 | 503.17 | OK | |
r-devel-linux-x86_64-debian-gcc | 0.5.0 | 42.38 | 262.39 | 304.77 | OK | |
r-devel-linux-x86_64-fedora-clang | 0.5.0 | 810.87 | NOTE | |||
r-devel-linux-x86_64-fedora-gcc | 0.5.0 | 768.50 | NOTE | |||
r-devel-windows-x86_64 | 0.5.0 | 57.00 | 431.00 | 488.00 | OK | |
r-patched-linux-x86_64 | 0.5.0 | 54.26 | 395.20 | 449.46 | OK | |
r-release-linux-x86_64 | 0.5.0 | 61.62 | 398.37 | 459.99 | OK | |
r-release-macos-arm64 | 0.5.0 | 244.00 | OK | |||
r-release-macos-x86_64 | 0.5.0 | 711.00 | OK | |||
r-release-windows-x86_64 | 0.5.0 | 58.00 | 420.00 | 478.00 | OK | |
r-oldrel-macos-arm64 | 0.5.0 | 284.00 | OK | |||
r-oldrel-macos-x86_64 | 0.5.0 | 520.00 | OK | |||
r-oldrel-windows-x86_64 | 0.5.0 | 76.00 | 582.00 | 658.00 | OK |
Version: 0.5.0
Check: dependencies in R code
Result: NOTE
Namespaces in Imports field not imported from:
‘crosstalk’ ‘plotly’
All declared Imports should be used.
Flavors: r-devel-linux-x86_64-fedora-clang, r-devel-linux-x86_64-fedora-gcc