Last updated on 2025-01-19 10:49:02 CET.
Flavor | Version | Tinstall | Tcheck | Ttotal | Status | Flags |
---|---|---|---|---|---|---|
r-devel-linux-x86_64-debian-clang | 0.9.11 | 3.37 | 74.23 | 77.60 | OK | |
r-devel-linux-x86_64-debian-gcc | 0.9.11 | 2.14 | 53.14 | 55.28 | OK | |
r-devel-linux-x86_64-fedora-clang | 0.9.11 | 127.07 | NOTE | |||
r-devel-linux-x86_64-fedora-gcc | 0.9.11 | 123.99 | NOTE | |||
r-devel-windows-x86_64 | 0.9.11 | 6.00 | 91.00 | 97.00 | OK | |
r-patched-linux-x86_64 | 0.9.11 | 3.14 | 71.24 | 74.38 | NOTE | |
r-release-linux-x86_64 | 0.9.11 | 3.16 | 71.62 | 74.78 | NOTE | |
r-release-macos-arm64 | 0.9.11 | 41.00 | NOTE | |||
r-release-macos-x86_64 | 0.9.11 | 90.00 | NOTE | |||
r-release-windows-x86_64 | 0.9.11 | 5.00 | 95.00 | 100.00 | NOTE | |
r-oldrel-macos-arm64 | 0.9.11 | 38.00 | NOTE | |||
r-oldrel-macos-x86_64 | 0.9.11 | 63.00 | NOTE | |||
r-oldrel-windows-x86_64 | 0.9.11 | 6.00 | 104.00 | 110.00 | NOTE |
Version: 0.9.11
Check: dependencies in R code
Result: NOTE
Namespaces in Imports field not imported from:
‘plotly’ ‘shinycssloaders’
All declared Imports should be used.
Flavors: r-devel-linux-x86_64-fedora-clang, r-devel-linux-x86_64-fedora-gcc
Version: 0.9.11
Check: LazyData
Result: NOTE
'LazyData' is specified without a 'data' directory
Flavors: r-patched-linux-x86_64, r-release-linux-x86_64, r-release-macos-arm64, r-release-macos-x86_64, r-release-windows-x86_64, r-oldrel-macos-arm64, r-oldrel-macos-x86_64, r-oldrel-windows-x86_64