Last updated on 2023-02-08 02:57:04 CET.
Flavor | Version | Tinstall | Tcheck | Ttotal | Status | Flags |
---|---|---|---|---|---|---|
r-devel-linux-x86_64-debian-clang | 0.2.2 | 40.74 | 124.96 | 165.70 | NOTE | |
r-devel-linux-x86_64-debian-gcc | 0.2.2 | 32.39 | 162.39 | 194.78 | NOTE | |
r-devel-linux-x86_64-fedora-clang | 0.2.2 | 186.88 | NOTE | |||
r-devel-linux-x86_64-fedora-gcc | 0.2.2 | 229.77 | NOTE | |||
r-devel-windows-x86_64 | 0.2.2 | 74.00 | 156.00 | 230.00 | NOTE | |
r-patched-linux-x86_64 | 0.2.2 | 35.37 | 135.46 | 170.83 | OK | |
r-release-linux-x86_64 | 0.2.2 | 38.83 | 146.05 | 184.88 | OK | |
r-release-macos-arm64 | 0.2.2 | 51.00 | OK | |||
r-release-macos-x86_64 | 0.2.2 | 65.00 | OK | |||
r-release-windows-x86_64 | 0.2.2 | 61.00 | 148.00 | 209.00 | OK | |
r-oldrel-macos-arm64 | 0.2.2 | 46.00 | OK | |||
r-oldrel-macos-x86_64 | 0.2.2 | 71.00 | OK | |||
r-oldrel-windows-ix86+x86_64 | 0.2.2 | 96.00 | 162.00 | 258.00 | OK |
Version: 0.2.2
Check: C++ specification
Result: NOTE
Specified C++11: please update to current default of C++17
Flavors: r-devel-linux-x86_64-debian-clang, r-devel-linux-x86_64-debian-gcc, r-devel-windows-x86_64
Version: 0.2.2
Check: C++ specification
Result: NOTE
Specified C++11: please drop specification unless essential
Flavors: r-devel-linux-x86_64-fedora-clang, r-devel-linux-x86_64-fedora-gcc