Last updated on 2023-01-27 11:49:22 CET.
Flavor | Version | Tinstall | Tcheck | Ttotal | Status | Flags |
---|---|---|---|---|---|---|
r-devel-linux-x86_64-debian-clang | 0.3.0 | 5.35 | 94.41 | 99.76 | OK | |
r-devel-linux-x86_64-debian-gcc | 0.3.0 | 4.19 | 68.60 | 72.79 | OK | |
r-devel-linux-x86_64-fedora-clang | 0.3.0 | 126.08 | OK | |||
r-devel-linux-x86_64-fedora-gcc | 0.3.0 | 133.61 | NOTE | |||
r-devel-windows-x86_64 | 0.3.0 | 27.00 | 142.00 | 169.00 | OK | |
r-patched-linux-x86_64 | 0.3.0 | 4.18 | 92.75 | 96.93 | OK | |
r-release-linux-x86_64 | 0.3.0 | 5.30 | 88.95 | 94.25 | OK | |
r-release-macos-arm64 | 0.3.0 | 42.00 | OK | |||
r-release-macos-x86_64 | 0.3.0 | 57.00 | OK | |||
r-release-windows-x86_64 | 0.3.0 | 32.00 | 152.00 | 184.00 | OK | |
r-oldrel-macos-arm64 | 0.3.0 | 52.00 | OK | |||
r-oldrel-macos-x86_64 | 0.3.0 | 59.00 | OK | |||
r-oldrel-windows-ix86+x86_64 | 0.3.0 | 12.00 | 146.00 | 158.00 | WARN |
Version: 0.3.0
Check: for non-standard things in the check directory
Result: NOTE
Found the following files/directories:
‘extrapackage’
Flavor: r-devel-linux-x86_64-fedora-gcc
Version: 0.3.0
Check: for unstated dependencies in ‘tests’
Result: WARN
Warning: unable to access index for repository https://bioconductor.org/packages/3.14/bioc/src/contrib:
cannot open URL 'https://bioconductor.org/packages/3.14/bioc/src/contrib/PACKAGES'
Warning: unable to access index for repository https://bioconductor.org/packages/3.14/data/annotation/src/contrib:
cannot open URL 'https://bioconductor.org/packages/3.14/data/annotation/src/contrib/PACKAGES'
Warning: unable to access index for repository https://bioconductor.org/packages/3.14/data/experiment/src/contrib:
cannot open URL 'https://bioconductor.org/packages/3.14/data/experiment/src/contrib/PACKAGES'
Flavor: r-oldrel-windows-ix86+x86_64