CRAN Package Check Results for Package ascotraceR

Last updated on 2024-06-14 02:53:52 CEST.

Flavor Version Tinstall Tcheck Ttotal Status Flags
r-devel-linux-x86_64-debian-clang 0.0.1 3.83 100.15 103.98 OK
r-devel-linux-x86_64-debian-gcc 0.0.1 0.55 1.82 2.37 ERROR
r-devel-linux-x86_64-fedora-clang 0.0.1 140.38 NOTE
r-devel-linux-x86_64-fedora-gcc 0.0.1 137.62 NOTE
r-devel-windows-x86_64 0.0.1 5.00 90.00 95.00 OK
r-patched-linux-x86_64 0.0.1 4.48 107.41 111.89 OK
r-release-linux-x86_64 0.0.1 3.52 105.22 108.74 OK
r-release-macos-arm64 0.0.1 39.00 OK
r-release-macos-x86_64 0.0.1 76.00 OK
r-release-windows-x86_64 0.0.1 5.00 90.00 95.00 OK
r-oldrel-macos-arm64 0.0.1 42.00 OK
r-oldrel-macos-x86_64 0.0.1 72.00 OK
r-oldrel-windows-x86_64 0.0.1 6.00 109.00 115.00 OK

Check Details

Version: 0.0.1
Check: package dependencies
Result: ERROR Packages required but not available: 'lubridate', 'lutz', 'purrr' Packages suggested but not available for checking: 'ggplot2', 'testthat' See section ‘The DESCRIPTION file’ in the ‘Writing R Extensions’ manual. Flavor: r-devel-linux-x86_64-debian-gcc

Version: 0.0.1
Check: dependencies in R code
Result: NOTE Namespace in Imports field not imported from: ‘purrr’ All declared Imports should be used. Flavors: r-devel-linux-x86_64-fedora-clang, r-devel-linux-x86_64-fedora-gcc