CRAN Package Check Results for Package aroma.cn

Last updated on 2024-02-28 18:50:28 CET.

Flavor Version Tinstall Tcheck Ttotal Status Flags
r-devel-linux-x86_64-debian-clang 1.7.1 12.60 90.51 103.11 OK
r-devel-linux-x86_64-debian-gcc 1.7.1 10.33 67.12 77.45 OK
r-devel-linux-x86_64-fedora-clang 1.7.1 122.68 OK
r-devel-linux-x86_64-fedora-gcc 1.7.1 121.08 OK
r-devel-windows-x86_64 1.7.1 12.00 83.00 95.00 OK
r-patched-linux-x86_64 1.7.1 14.05 86.79 100.84 OK
r-release-linux-x86_64 1.7.1 11.43 87.25 98.68 OK
r-release-macos-arm64 1.7.1 40.00 NOTE
r-release-macos-x86_64 1.7.1 75.00 NOTE
r-release-windows-x86_64 1.7.1 16.00 99.00 115.00 OK
r-oldrel-macos-arm64 1.7.1 44.00 OK
r-oldrel-windows-x86_64 1.7.1 17.00 102.00 119.00 OK

Check Details

Version: 1.7.1
Check: package dependencies
Result: NOTE Package suggested but not available for checking: ‘GLAD’ Flavors: r-release-macos-arm64, r-release-macos-x86_64