Last updated on 2023-01-29 18:53:01 CET.
Flavor | Version | Tinstall | Tcheck | Ttotal | Status | Flags |
---|---|---|---|---|---|---|
r-devel-linux-x86_64-debian-clang | 1.7.0 | 13.74 | 88.03 | 101.77 | WARN | |
r-devel-linux-x86_64-debian-gcc | 1.7.0 | 10.02 | 66.02 | 76.04 | OK | |
r-devel-linux-x86_64-fedora-clang | 1.7.0 | 125.61 | OK | |||
r-devel-linux-x86_64-fedora-gcc | 1.7.0 | 122.10 | OK | |||
r-devel-windows-x86_64 | 1.7.0 | 132.00 | 149.00 | 281.00 | OK | |
r-patched-linux-x86_64 | 1.7.0 | 16.89 | 87.12 | 104.01 | OK | |
r-release-linux-x86_64 | 1.7.0 | 13.53 | 87.14 | 100.67 | OK | |
r-release-macos-arm64 | 1.7.0 | 39.00 | OK | |||
r-release-macos-x86_64 | 1.7.0 | 50.00 | OK | |||
r-release-windows-x86_64 | 1.7.0 | 140.00 | 116.00 | 256.00 | OK | |
r-oldrel-macos-arm64 | 1.7.0 | 33.00 | NOTE | |||
r-oldrel-macos-x86_64 | 1.7.0 | 50.00 | OK | |||
r-oldrel-windows-ix86+x86_64 | 1.7.0 | 26.00 | 112.00 | 138.00 | OK |
Version: 1.7.0
Check: for code/documentation mismatches
Result: WARN
Error in b[[2L]] : subscript out of bounds
Calls: <Anonymous> -> vapply -> FUN
Execution halted
Flavor: r-devel-linux-x86_64-debian-clang
Version: 1.7.0
Check: package dependencies
Result: NOTE
Package suggested but not available for checking: ‘GLAD’
Flavor: r-oldrel-macos-arm64