CRAN Package Check Results for Package argonR

Last updated on 2024-05-20 18:53:05 CEST.

Flavor Version Tinstall Tcheck Ttotal Status Flags
r-devel-linux-x86_64-debian-clang 0.2.0 4.72 35.50 40.22 NOTE
r-devel-linux-x86_64-debian-gcc 0.2.0 3.43 26.81 30.24 NOTE
r-devel-linux-x86_64-fedora-clang 0.2.0 54.94 NOTE
r-devel-linux-x86_64-fedora-gcc 0.2.0 60.68 NOTE
r-devel-windows-x86_64 0.2.0 5.00 56.00 61.00 NOTE
r-patched-linux-x86_64 0.2.0 5.97 34.18 40.15 NOTE
r-release-linux-x86_64 0.2.0 4.01 34.34 38.35 NOTE
r-release-macos-arm64 0.2.0 25.00 NOTE
r-release-windows-x86_64 0.2.0 6.00 55.00 61.00 NOTE
r-oldrel-macos-arm64 0.2.0 27.00 NOTE
r-oldrel-macos-x86_64 0.2.0 37.00 NOTE
r-oldrel-windows-x86_64 0.2.0 6.00 59.00 65.00 NOTE

Check Details

Version: 0.2.0
Check: LazyData
Result: NOTE 'LazyData' is specified without a 'data' directory Flavors: r-devel-linux-x86_64-debian-clang, r-devel-linux-x86_64-debian-gcc, r-devel-linux-x86_64-fedora-clang, r-devel-linux-x86_64-fedora-gcc, r-devel-windows-x86_64, r-patched-linux-x86_64, r-release-linux-x86_64, r-release-macos-arm64, r-release-windows-x86_64, r-oldrel-macos-arm64, r-oldrel-macos-x86_64, r-oldrel-windows-x86_64