CRAN Package Check Results for Package analogsea

Last updated on 2024-07-23 10:55:57 CEST.

Flavor Version Tinstall Tcheck Ttotal Status Flags
r-devel-linux-x86_64-debian-clang 1.0.7.2 5.78 49.38 55.16 OK
r-devel-linux-x86_64-debian-gcc 1.0.7.2 4.23 36.54 40.77 OK
r-devel-linux-x86_64-fedora-clang 1.0.7.2 67.32 OK
r-devel-linux-x86_64-fedora-gcc 1.0.7.2 63.64 OK
r-devel-windows-x86_64 1.0.7.2 7.00 72.00 79.00 OK
r-patched-linux-x86_64 1.0.7.2 5.14 46.44 51.58 OK
r-release-linux-x86_64 1.0.7.2 5.20 46.22 51.42 OK
r-release-macos-arm64 1.0.7.2 25.00 OK
r-release-macos-x86_64 1.0.7.2 34.00 NOTE
r-release-windows-x86_64 1.0.7.2 6.00 71.00 77.00 OK
r-oldrel-macos-arm64 1.0.7.2 26.00 OK
r-oldrel-macos-x86_64 1.0.7.2 44.00 OK
r-oldrel-windows-x86_64 1.0.7.2 8.00 78.00 86.00 OK

Check Details

Version: 1.0.7.2
Check: package dependencies
Result: NOTE Package suggested but not available for checking: ‘arrow’ Flavor: r-release-macos-x86_64