Last updated on 2023-02-07 10:53:47 CET.
Flavor | Version | Tinstall | Tcheck | Ttotal | Status | Flags |
---|---|---|---|---|---|---|
r-devel-linux-x86_64-debian-clang | 0.2.3 | 13.10 | 166.97 | 180.07 | OK | |
r-devel-linux-x86_64-debian-gcc | 0.2.3 | 10.30 | 125.54 | 135.84 | OK | |
r-devel-linux-x86_64-fedora-clang | 0.2.3 | 158.77 | NOTE | |||
r-devel-linux-x86_64-fedora-gcc | 0.2.3 | 169.88 | NOTE | |||
r-devel-windows-x86_64 | 0.2.3 | 30.00 | 153.00 | 183.00 | NOTE | |
r-patched-linux-x86_64 | 0.2.3 | 9.54 | 160.52 | 170.06 | OK | |
r-release-linux-x86_64 | 0.2.3 | 9.94 | 160.89 | 170.83 | OK | |
r-release-macos-arm64 | 0.2.3 | 50.00 | NOTE | |||
r-release-macos-x86_64 | 0.2.3 | 75.00 | NOTE | |||
r-release-windows-x86_64 | 0.2.3 | 25.00 | 153.00 | 178.00 | NOTE | |
r-oldrel-macos-arm64 | 0.2.3 | 44.00 | NOTE | |||
r-oldrel-macos-x86_64 | 0.2.3 | 58.00 | NOTE | |||
r-oldrel-windows-ix86+x86_64 | 0.2.3 | 30.00 | 153.00 | 183.00 | NOTE |
Version: 0.2.3
Check: package dependencies
Result: NOTE
Package suggested but not available for checking: ‘metaboliteIDmapping’
Flavors: r-devel-linux-x86_64-fedora-clang, r-devel-linux-x86_64-fedora-gcc, r-devel-windows-x86_64, r-release-macos-arm64, r-release-macos-x86_64, r-release-windows-x86_64, r-oldrel-macos-arm64, r-oldrel-macos-x86_64, r-oldrel-windows-ix86+x86_64
Version: 0.2.3
Check: dependencies in R code
Result: NOTE
Namespace in Imports field not imported from: ‘magrittr’
All declared Imports should be used.
Flavors: r-devel-linux-x86_64-fedora-clang, r-devel-linux-x86_64-fedora-gcc, r-release-macos-arm64, r-release-macos-x86_64, r-oldrel-macos-arm64, r-oldrel-macos-x86_64