Last updated on 2023-02-07 10:53:47 CET.
Flavor | Version | Tinstall | Tcheck | Ttotal | Status | Flags |
---|---|---|---|---|---|---|
r-devel-linux-x86_64-debian-clang | 0.1.8 | 5.44 | 42.00 | 47.44 | OK | |
r-devel-linux-x86_64-debian-gcc | 0.1.8 | 4.47 | 32.13 | 36.60 | OK | |
r-devel-linux-x86_64-fedora-clang | 0.1.8 | 58.89 | NOTE | |||
r-devel-linux-x86_64-fedora-gcc | 0.1.8 | 67.06 | NOTE | |||
r-devel-windows-x86_64 | 0.1.8 | 161.00 | 99.00 | 260.00 | NOTE | |
r-patched-linux-x86_64 | 0.1.8 | 5.28 | 42.16 | 47.44 | OK | |
r-release-linux-x86_64 | 0.1.8 | 4.70 | 42.43 | 47.13 | OK | |
r-release-macos-arm64 | 0.1.8 | 23.00 | NOTE | |||
r-release-macos-x86_64 | 0.1.8 | 45.00 | NOTE | |||
r-release-windows-x86_64 | 0.1.8 | 217.00 | 98.00 | 315.00 | NOTE | |
r-oldrel-macos-arm64 | 0.1.8 | 36.00 | NOTE | |||
r-oldrel-macos-x86_64 | 0.1.8 | 39.00 | NOTE | |||
r-oldrel-windows-ix86+x86_64 | 0.1.8 | 20.00 | 80.00 | 100.00 | NOTE |
Version: 0.1.8
Check: installed package size
Result: NOTE
installed size is 5.8Mb
sub-directories of 1Mb or more:
tutorials 5.6Mb
Flavors: r-devel-linux-x86_64-fedora-clang, r-devel-windows-x86_64, r-release-macos-arm64, r-release-macos-x86_64, r-release-windows-x86_64, r-oldrel-macos-arm64, r-oldrel-macos-x86_64, r-oldrel-windows-ix86+x86_64
Version: 0.1.8
Check: dependencies in R code
Result: NOTE
Namespaces in Imports field not imported from:
‘BayesFactor’ ‘GGally’ ‘Hmisc’ ‘WRS2’ ‘boot’ ‘car’ ‘dplyr’ ‘effects’
‘effsize’ ‘forcats’ ‘ggplot2’ ‘lm.beta’ ‘nlme’ ‘readr’ ‘robust’
‘sandwich’ ‘sjstats’ ‘tidyr’
All declared Imports should be used.
Flavors: r-devel-linux-x86_64-fedora-clang, r-devel-linux-x86_64-fedora-gcc, r-release-macos-arm64, r-release-macos-x86_64, r-oldrel-macos-arm64, r-oldrel-macos-x86_64