CRAN Package Check Results for Package abstr

Last updated on 2024-07-24 18:53:45 CEST.

Flavor Version Tinstall Tcheck Ttotal Status Flags
r-devel-linux-x86_64-debian-clang 0.4.1 3.66 70.93 74.59 OK
r-devel-linux-x86_64-debian-gcc 0.4.1 2.52 53.35 55.87 OK
r-devel-linux-x86_64-fedora-clang 0.4.1 95.32 NOTE
r-devel-linux-x86_64-fedora-gcc 0.4.1 104.75 NOTE
r-devel-windows-x86_64 0.4.1 5.00 78.00 83.00 OK
r-patched-linux-x86_64 0.4.1 2.91 68.71 71.62 OK
r-release-linux-x86_64 0.4.1 2.00 67.10 69.10 OK
r-release-macos-arm64 0.4.1 54.00 OK
r-release-macos-x86_64 0.4.1 78.00 OK
r-release-windows-x86_64 0.4.1 5.00 75.00 80.00 OK
r-oldrel-macos-arm64 0.4.1 51.00 OK
r-oldrel-macos-x86_64 0.4.1 59.00 OK
r-oldrel-windows-x86_64 0.4.1 7.00 86.00 93.00 OK

Check Details

Version: 0.4.1
Check: dependencies in R code
Result: NOTE Namespace in Imports field not imported from: ‘tibble’ All declared Imports should be used. Flavors: r-devel-linux-x86_64-fedora-clang, r-devel-linux-x86_64-fedora-gcc