Last updated on 2023-02-07 10:53:47 CET.
Flavor | Version | Tinstall | Tcheck | Ttotal | Status | Flags |
---|---|---|---|---|---|---|
r-devel-linux-x86_64-debian-clang | 1.9 | 85.40 | 104.14 | 189.54 | OK | |
r-devel-linux-x86_64-debian-gcc | 1.9 | 63.98 | 76.57 | 140.55 | OK | |
r-devel-linux-x86_64-fedora-clang | 1.9 | 266.26 | OK | |||
r-devel-linux-x86_64-fedora-gcc | 1.9 | 241.88 | OK | |||
r-devel-windows-x86_64 | 1.9 | 78.00 | 153.00 | 231.00 | OK | |
r-patched-linux-x86_64 | 1.9 | 74.42 | 100.38 | 174.80 | OK | |
r-release-linux-x86_64 | 1.9 | 67.41 | 99.58 | 166.99 | OK | |
r-release-macos-arm64 | 1.9 | 61.00 | NOTE | |||
r-release-macos-x86_64 | 1.9 | 85.00 | NOTE | |||
r-release-windows-x86_64 | 1.9 | 75.00 | 156.00 | 231.00 | OK | |
r-oldrel-macos-arm64 | 1.9 | 63.00 | NOTE | |||
r-oldrel-macos-x86_64 | 1.9 | 86.00 | NOTE | |||
r-oldrel-windows-ix86+x86_64 | 1.9 | 194.00 | 195.00 | 389.00 | NOTE |
Version: 1.9
Check: installed package size
Result: NOTE
installed size is 5.4Mb
sub-directories of 1Mb or more:
data 2.6Mb
libs 2.5Mb
Flavors: r-release-macos-arm64, r-release-macos-x86_64, r-oldrel-macos-arm64, r-oldrel-macos-x86_64, r-oldrel-windows-ix86+x86_64