Last updated on 2023-02-04 02:50:13 CET.
Flavor | Version | Tinstall | Tcheck | Ttotal | Status | Flags |
---|---|---|---|---|---|---|
r-devel-linux-x86_64-debian-clang | 1.2.0 | 48.21 | 415.23 | 463.44 | NOTE | |
r-devel-linux-x86_64-debian-gcc | 1.2.0 | 37.63 | 297.00 | 334.63 | NOTE | |
r-devel-linux-x86_64-fedora-clang | 1.2.0 | 560.38 | NOTE | |||
r-devel-linux-x86_64-fedora-gcc | 1.2.0 | 570.74 | NOTE | |||
r-devel-windows-x86_64 | 1.2.0 | 232.00 | 663.00 | 895.00 | NOTE | |
r-patched-linux-x86_64 | 1.2.0 | 52.15 | 388.94 | 441.09 | OK | |
r-release-linux-x86_64 | 1.2.0 | 38.50 | 366.37 | 404.87 | OK | |
r-release-macos-arm64 | 1.2.0 | 131.00 | NOTE | |||
r-release-macos-x86_64 | 1.2.0 | 192.00 | NOTE | |||
r-release-windows-x86_64 | 1.2.0 | 201.00 | 448.00 | 649.00 | NOTE | |
r-oldrel-macos-arm64 | 1.2.0 | 132.00 | NOTE | |||
r-oldrel-macos-x86_64 | 1.2.0 | 193.00 | NOTE | |||
r-oldrel-windows-ix86+x86_64 | 1.2.0 | 121.00 | 865.00 | 986.00 | NOTE |
Version: 1.2.0
Check: C++ specification
Result: NOTE
Specified C++14: please update to current default of C++17
Flavors: r-devel-linux-x86_64-debian-clang, r-devel-linux-x86_64-debian-gcc, r-devel-linux-x86_64-fedora-clang, r-devel-linux-x86_64-fedora-gcc, r-devel-windows-x86_64
Version: 1.2.0
Check: installed package size
Result: NOTE
installed size is 5.1Mb
sub-directories of 1Mb or more:
datasets 1.6Mb
libs 1.1Mb
Flavors: r-devel-windows-x86_64, r-release-macos-arm64, r-release-macos-x86_64, r-release-windows-x86_64, r-oldrel-macos-arm64, r-oldrel-macos-x86_64, r-oldrel-windows-ix86+x86_64