CRAN Package Check Results for Package TreeDist

Last updated on 2023-01-30 10:52:15 CET.

Flavor Version Tinstall Tcheck Ttotal Status Flags
r-devel-linux-x86_64-debian-clang 2.5.0 52.97 274.87 327.84 NOTE
r-devel-linux-x86_64-debian-gcc 2.5.0 37.57 200.81 238.38 NOTE
r-devel-linux-x86_64-fedora-clang 2.5.0 414.20 NOTE
r-devel-linux-x86_64-fedora-gcc 2.5.0 410.91 NOTE
r-devel-windows-x86_64 2.5.0 109.00 377.00 486.00 NOTE
r-patched-linux-x86_64 2.5.0 38.08 259.66 297.74 NOTE
r-release-linux-x86_64 2.5.0 33.55 228.09 261.64 NOTE
r-release-macos-arm64 2.5.0 105.00 NOTE
r-release-macos-x86_64 2.5.0 148.00 NOTE
r-release-windows-x86_64 2.5.0 124.00 331.00 455.00 NOTE
r-oldrel-macos-arm64 2.5.0 112.00 NOTE
r-oldrel-macos-x86_64 2.5.0 167.00 NOTE
r-oldrel-windows-ix86+x86_64 2.5.0 122.00 421.00 543.00 NOTE

Check Details

Version: 2.5.0
Check: package dependencies
Result: NOTE
    Package suggested but not available for checking: ‘TreeDistData’
Flavors: r-devel-linux-x86_64-debian-clang, r-devel-linux-x86_64-debian-gcc, r-devel-linux-x86_64-fedora-clang, r-devel-linux-x86_64-fedora-gcc, r-devel-windows-x86_64, r-patched-linux-x86_64, r-release-linux-x86_64, r-release-macos-arm64, r-release-macos-x86_64, r-release-windows-x86_64, r-oldrel-macos-arm64, r-oldrel-macos-x86_64, r-oldrel-windows-ix86+x86_64

Version: 2.5.0
Check: C++ specification
Result: NOTE
     Specified C++14: please update to current default of C++17
Flavors: r-devel-linux-x86_64-debian-gcc, r-devel-linux-x86_64-fedora-clang, r-devel-linux-x86_64-fedora-gcc, r-devel-windows-x86_64

Version: 2.5.0
Check: installed package size
Result: NOTE
     installed size is 5.8Mb
     sub-directories of 1Mb or more:
     doc 4.8Mb
Flavors: r-devel-linux-x86_64-fedora-clang, r-devel-windows-x86_64, r-release-macos-arm64, r-release-macos-x86_64, r-release-windows-x86_64, r-oldrel-macos-arm64, r-oldrel-macos-x86_64, r-oldrel-windows-ix86+x86_64