CRAN Package Check Results for Package TouRnament

Last updated on 2022-10-02 02:49:25 CEST.

Flavor Version Tinstall Tcheck Ttotal Status Flags
r-devel-linux-x86_64-debian-clang 0.2.5 2.21 22.97 25.18 NOTE
r-devel-linux-x86_64-debian-gcc 0.2.5 1.78 17.70 19.48 NOTE
r-devel-linux-x86_64-fedora-clang 0.2.5 43.20 NOTE
r-devel-linux-x86_64-fedora-gcc 0.2.5 41.62 NOTE
r-devel-windows-x86_64 0.2.5 11.00 57.00 68.00 NOTE
r-patched-linux-x86_64 0.2.5 2.37 22.16 24.53 NOTE
r-release-linux-x86_64 0.2.5 1.58 21.74 23.32 NOTE
r-release-macos-arm64 0.2.5 17.00 NOTE
r-release-macos-x86_64 0.2.5 20.00 NOTE
r-release-windows-x86_64 0.2.5 12.00 52.00 64.00 NOTE
r-oldrel-macos-arm64 0.2.5 17.00 NOTE
r-oldrel-macos-x86_64 0.2.5 23.00 NOTE
r-oldrel-windows-ix86+x86_64 0.2.5 5.00 47.00 52.00 NOTE

Check Details

Version: 0.2.5
Check: LazyData
Result: NOTE
     'LazyData' is specified without a 'data' directory
Flavors: r-devel-linux-x86_64-debian-clang, r-devel-linux-x86_64-debian-gcc, r-devel-linux-x86_64-fedora-clang, r-devel-linux-x86_64-fedora-gcc, r-devel-windows-x86_64, r-patched-linux-x86_64, r-release-linux-x86_64, r-release-macos-arm64, r-release-macos-x86_64, r-release-windows-x86_64, r-oldrel-macos-arm64, r-oldrel-macos-x86_64, r-oldrel-windows-ix86+x86_64