CRAN Package Check Results for Package TPmsm

Last updated on 2024-06-15 18:58:02 CEST.

Flavor Version Tinstall Tcheck Ttotal Status Flags
r-devel-linux-x86_64-debian-clang 1.2.12 17.75 169.18 186.93 OK
r-devel-linux-x86_64-debian-gcc 1.2.12 15.40 151.89 167.29 OK
r-devel-linux-x86_64-fedora-clang 1.2.12 269.45 OK
r-devel-linux-x86_64-fedora-gcc 1.2.12 271.66 OK
r-devel-windows-x86_64 1.2.12 28.00 295.00 323.00 OK
r-patched-linux-x86_64 1.2.12 18.96 189.79 208.75 OK
r-release-linux-x86_64 1.2.12 17.82 193.89 211.71 OK
r-release-macos-arm64 1.2.12 85.00 OK
r-release-macos-x86_64 1.2.12 124.00 WARN
r-release-windows-x86_64 1.2.12 28.00 278.00 306.00 OK
r-oldrel-macos-arm64 1.2.12 100.00 OK
r-oldrel-macos-x86_64 1.2.12 234.00 OK
r-oldrel-windows-x86_64 1.2.12 27.00 175.00 202.00 OK

Check Details

Version: 1.2.12
Check: re-building of vignette outputs
Result: WARN Error(s) in re-building vignettes: ... --- re-building ‘TPmsm.Rnw’ using knitr Error: processing vignette 'TPmsm.Rnw' failed with diagnostics: Running 'texi2dvi' on 'TPmsm.tex' failed. LaTeX errors: ! Undefined control sequence. l.748 \hlkwd{library}\hldef {(}\hlsng{"TPmsm"}\hldef{);} ? ! Emergency stop. ! Emergency stop. l.748 End of file on the terminal! ! ==> Fatal error occurred, no output PDF file produced! --- failed re-building ‘TPmsm.Rnw’ SUMMARY: processing the following file failed: ‘TPmsm.Rnw’ Error: Vignette re-building failed. Execution halted Flavor: r-release-macos-x86_64