CRAN Package Check Results for Package TFunHDDC

Last updated on 2024-04-24 10:23:11 CEST.

Flavor Version Tinstall Tcheck Ttotal Status Flags
r-devel-linux-x86_64-debian-clang 1.0.1 16.55 192.54 209.09 NOTE
r-devel-linux-x86_64-debian-gcc 1.0.1 12.51 149.44 161.95 NOTE
r-devel-linux-x86_64-fedora-clang 1.0.1 264.81 NOTE
r-devel-linux-x86_64-fedora-gcc 1.0.1 260.31 NOTE
r-devel-windows-x86_64 1.0.1 17.00 155.00 172.00 NOTE
r-patched-linux-x86_64 1.0.1 16.56 187.88 204.44 NOTE
r-release-linux-x86_64 1.0.1 15.27 195.98 211.25 OK
r-release-macos-arm64 1.0.1 109.00 OK
r-release-windows-x86_64 1.0.1 21.00 216.00 237.00 OK
r-oldrel-macos-arm64 1.0.1 141.00 OK
r-oldrel-macos-x86_64 1.0.1 198.00 OK
r-oldrel-windows-x86_64 1.0.1 20.00 223.00 243.00 OK

Check Details

Version: 1.0.1
Check: Rd files
Result: NOTE checkRd: (-1) predict.tfunHDDC.Rd:31-39: Lost braces 31 | The teigen family. Stat Comput 22:1021{1029. <doi.org/10.1007/ | ^ Flavors: r-devel-linux-x86_64-debian-clang, r-devel-linux-x86_64-debian-gcc, r-devel-linux-x86_64-fedora-clang, r-devel-linux-x86_64-fedora-gcc, r-devel-windows-x86_64, r-patched-linux-x86_64

Version: 1.0.1
Check: Rd cross-references
Result: NOTE Undeclared package ‘teigen’ in Rd xrefs Flavor: r-devel-linux-x86_64-fedora-clang