CRAN Package Check Results for Package StratifiedRF

Last updated on 2022-11-28 17:53:08 CET.

Flavor Version Tinstall Tcheck Ttotal Status Flags
r-devel-linux-x86_64-debian-clang 0.2.2 11.47 95.15 106.62 NOTE
r-devel-linux-x86_64-debian-gcc 0.2.2 7.90 72.83 80.73 NOTE
r-devel-linux-x86_64-fedora-clang 0.2.2 142.38 NOTE
r-devel-linux-x86_64-fedora-gcc 0.2.2 140.91 NOTE
r-devel-windows-x86_64 0.2.2 15.00 118.00 133.00 NOTE
r-patched-linux-x86_64 0.2.2 10.38 89.11 99.49 NOTE
r-release-linux-x86_64 0.2.2 10.64 90.57 101.21 NOTE
r-release-macos-arm64 0.2.2 36.00 NOTE
r-release-macos-x86_64 0.2.2 73.00 NOTE
r-release-windows-x86_64 0.2.2 27.00 120.00 147.00 NOTE
r-oldrel-macos-arm64 0.2.2 44.00 NOTE
r-oldrel-macos-x86_64 0.2.2 76.00 NOTE
r-oldrel-windows-ix86+x86_64 0.2.2 27.00 115.00 142.00 NOTE

Check Details

Version: 0.2.2
Check: LazyData
Result: NOTE
     'LazyData' is specified without a 'data' directory
Flavors: r-devel-linux-x86_64-debian-clang, r-devel-linux-x86_64-debian-gcc, r-devel-linux-x86_64-fedora-clang, r-devel-linux-x86_64-fedora-gcc, r-devel-windows-x86_64, r-patched-linux-x86_64, r-release-linux-x86_64, r-release-macos-arm64, r-release-macos-x86_64, r-release-windows-x86_64, r-oldrel-macos-arm64, r-oldrel-macos-x86_64, r-oldrel-windows-ix86+x86_64