Last updated on 2023-01-31 10:52:24 CET.
Flavor | Version | Tinstall | Tcheck | Ttotal | Status | Flags |
---|---|---|---|---|---|---|
r-devel-linux-x86_64-debian-clang | 1.1.0 | 3.09 | 21.49 | 24.58 | OK | |
r-devel-linux-x86_64-debian-gcc | 1.1.0 | 1.98 | 17.11 | 19.09 | OK | |
r-devel-linux-x86_64-fedora-clang | 1.1.0 | 31.54 | NOTE | |||
r-devel-linux-x86_64-fedora-gcc | 1.1.0 | 32.66 | NOTE | |||
r-devel-windows-x86_64 | 1.1.0 | 83.00 | 52.00 | 135.00 | NOTE | |
r-patched-linux-x86_64 | 1.1.0 | 3.19 | 22.01 | 25.20 | OK | |
r-release-linux-x86_64 | 1.1.0 | 3.21 | 22.34 | 25.55 | OK | |
r-release-macos-arm64 | 1.1.0 | 16.00 | NOTE | |||
r-release-macos-x86_64 | 1.1.0 | 26.00 | NOTE | |||
r-release-windows-x86_64 | 1.1.0 | 93.00 | 54.00 | 147.00 | NOTE | |
r-oldrel-macos-arm64 | 1.1.0 | 22.00 | NOTE | |||
r-oldrel-macos-x86_64 | 1.1.0 | 22.00 | NOTE | |||
r-oldrel-windows-ix86+x86_64 | 1.1.0 | 10.00 | 50.00 | 60.00 | NOTE |
Version: 1.1.0
Check: installed package size
Result: NOTE
installed size is 6.3Mb
sub-directories of 1Mb or more:
shiny-apps 6.2Mb
Flavors: r-devel-linux-x86_64-fedora-clang, r-devel-windows-x86_64, r-release-macos-arm64, r-release-macos-x86_64, r-release-windows-x86_64, r-oldrel-macos-arm64, r-oldrel-macos-x86_64, r-oldrel-windows-ix86+x86_64
Version: 1.1.0
Check: dependencies in R code
Result: NOTE
Namespaces in Imports field not imported from:
‘DDoutlier’ ‘car’ ‘corrplot’ ‘data.table’ ‘energy’ ‘ggplot2’
‘gridExtra’ ‘kableExtra’ ‘knitr’ ‘readr’ ‘reshape2’ ‘rmarkdown’
‘shinydisconnect’
All declared Imports should be used.
Flavors: r-devel-linux-x86_64-fedora-clang, r-devel-linux-x86_64-fedora-gcc, r-release-macos-arm64, r-release-macos-x86_64, r-oldrel-macos-arm64, r-oldrel-macos-x86_64