Last updated on 2023-02-06 18:52:20 CET.
Flavor | Version | Tinstall | Tcheck | Ttotal | Status | Flags |
---|---|---|---|---|---|---|
r-devel-linux-x86_64-debian-clang | 4.0.1 | 10.91 | 98.59 | 109.50 | OK | |
r-devel-linux-x86_64-debian-gcc | 4.0.1 | 8.77 | 71.33 | 80.10 | OK | |
r-devel-linux-x86_64-fedora-clang | 4.0.1 | 135.11 | NOTE | |||
r-devel-linux-x86_64-fedora-gcc | 4.0.1 | 129.94 | NOTE | |||
r-devel-windows-x86_64 | 4.0.1 | 18.00 | 129.00 | 147.00 | OK | |
r-patched-linux-x86_64 | 4.0.1 | 13.85 | 93.78 | 107.63 | OK | |
r-release-linux-x86_64 | 4.0.1 | 9.07 | 94.17 | 103.24 | OK | |
r-release-macos-arm64 | 4.0.1 | 38.00 | NOTE | |||
r-release-macos-x86_64 | 4.0.1 | 70.00 | NOTE | |||
r-release-windows-x86_64 | 4.0.1 | 17.00 | 130.00 | 147.00 | OK | |
r-oldrel-macos-arm64 | 4.0.1 | 42.00 | NOTE | |||
r-oldrel-macos-x86_64 | 4.0.1 | 59.00 | NOTE | |||
r-oldrel-windows-ix86+x86_64 | 4.0.1 | 25.00 | 124.00 | 149.00 | OK |
Version: 4.0.1
Check: dependencies in R code
Result: NOTE
Namespaces in Imports field not imported from:
‘gtable’ ‘rlang’ ‘testthat’
All declared Imports should be used.
Flavors: r-devel-linux-x86_64-fedora-clang, r-devel-linux-x86_64-fedora-gcc, r-release-macos-arm64, r-release-macos-x86_64, r-oldrel-macos-arm64, r-oldrel-macos-x86_64