CRAN Package Check Results for Package SouthParkRshiny

Last updated on 2024-07-17 11:32:03 CEST.

Flavor Version Tinstall Tcheck Ttotal Status Flags
r-devel-linux-x86_64-debian-clang 1.0.0 32.74 79.59 112.33 NOTE
r-devel-linux-x86_64-debian-gcc 1.0.0 31.82 61.71 93.53 NOTE
r-devel-linux-x86_64-fedora-clang 1.0.0 148.34 NOTE
r-devel-linux-x86_64-fedora-gcc 1.0.0 146.91 NOTE
r-devel-windows-x86_64 1.0.0 34.00 87.00 121.00 NOTE
r-patched-linux-x86_64 1.0.0 31.00 78.48 109.48 NOTE
r-release-linux-x86_64 1.0.0 33.69 78.19 111.88 NOTE
r-release-macos-arm64 1.0.0 57.00 NOTE
r-release-macos-x86_64 1.0.0 75.00 NOTE
r-release-windows-x86_64 1.0.0 36.00 85.00 121.00 NOTE
r-oldrel-macos-arm64 1.0.0 58.00 NOTE
r-oldrel-macos-x86_64 1.0.0 73.00 NOTE
r-oldrel-windows-x86_64 1.0.0 36.00 103.00 139.00 NOTE

Check Details

Version: 1.0.0
Check: package dependencies
Result: NOTE Package suggested but not available for checking: ‘gridlayout’ Flavors: r-devel-linux-x86_64-debian-clang, r-devel-linux-x86_64-debian-gcc, r-devel-linux-x86_64-fedora-clang, r-devel-linux-x86_64-fedora-gcc, r-devel-windows-x86_64, r-patched-linux-x86_64, r-release-linux-x86_64, r-release-macos-arm64, r-release-macos-x86_64, r-release-windows-x86_64, r-oldrel-macos-arm64, r-oldrel-macos-x86_64, r-oldrel-windows-x86_64

Version: 1.0.0
Check: data for non-ASCII characters
Result: NOTE Note: found 1562 marked UTF-8 strings Flavors: r-devel-linux-x86_64-fedora-clang, r-devel-linux-x86_64-fedora-gcc

Version: 1.0.0
Check: installed package size
Result: NOTE installed size is 5.4Mb sub-directories of 1Mb or more: data 4.8Mb Flavors: r-release-macos-arm64, r-release-macos-x86_64, r-oldrel-macos-arm64, r-oldrel-macos-x86_64