CRAN Package Check Results for Package SortedEffects

Last updated on 2024-03-03 04:48:49 CET.

Flavor Version Tinstall Tcheck Ttotal Status Flags
r-devel-linux-x86_64-debian-clang 1.7.0 15.50 157.19 172.69 NOTE
r-devel-linux-x86_64-debian-gcc 1.7.0 11.99 120.30 132.29 NOTE
r-devel-linux-x86_64-fedora-clang 1.7.0 218.76 NOTE
r-devel-linux-x86_64-fedora-gcc 1.7.0 235.60 NOTE
r-devel-windows-x86_64 1.7.0 14.00 136.00 150.00 OK
r-patched-linux-x86_64 1.7.0 10.37 155.47 165.84 OK
r-release-linux-x86_64 1.7.0 10.43 155.87 166.30 OK
r-release-macos-arm64 1.7.0 78.00 OK
r-release-macos-x86_64 1.7.0 113.00 OK
r-release-windows-x86_64 1.7.0 18.00 168.00 186.00 OK
r-oldrel-macos-arm64 1.7.0 70.00 OK
r-oldrel-windows-x86_64 1.7.0 18.00 167.00 185.00 OK

Check Details

Version: 1.7.0
Check: Rd files
Result: NOTE checkRd: (-1) spe.Rd:101: Lost braces 101 | code{spe} command; (4) \code{alpha} stores significance level as in | ^ Flavors: r-devel-linux-x86_64-debian-clang, r-devel-linux-x86_64-debian-gcc, r-devel-linux-x86_64-fedora-clang, r-devel-linux-x86_64-fedora-gcc