CRAN Package Check Results for Package SmoothTensor

Last updated on 2024-07-15 02:48:24 CEST.

Flavor Version Tinstall Tcheck Ttotal Status Flags
r-devel-linux-x86_64-debian-clang 0.1.1 8.59 69.69 78.28 NOTE
r-devel-linux-x86_64-debian-gcc 0.1.1 6.76 52.16 58.92 NOTE
r-devel-linux-x86_64-fedora-clang 0.1.1 94.61 NOTE
r-devel-linux-x86_64-fedora-gcc 0.1.1 92.82 NOTE
r-devel-windows-x86_64 0.1.1 7.00 66.00 73.00 NOTE
r-patched-linux-x86_64 0.1.1 7.36 66.26 73.62 NOTE
r-release-linux-x86_64 0.1.1 8.87 66.19 75.06 NOTE
r-release-macos-arm64 0.1.1 30.00 NOTE
r-release-macos-x86_64 0.1.1 45.00 NOTE
r-release-windows-x86_64 0.1.1 7.00 66.00 73.00 NOTE
r-oldrel-macos-arm64 0.1.1 34.00 NOTE
r-oldrel-macos-x86_64 0.1.1 49.00 NOTE
r-oldrel-windows-x86_64 0.1.1 9.00 76.00 85.00 NOTE

Check Details

Version: 0.1.1
Check: package subdirectories
Result: NOTE Problems with news in ‘NEWS.md’: No news entries found. Flavors: r-devel-linux-x86_64-debian-clang, r-devel-linux-x86_64-debian-gcc, r-devel-linux-x86_64-fedora-clang, r-devel-linux-x86_64-fedora-gcc, r-devel-windows-x86_64, r-patched-linux-x86_64, r-release-linux-x86_64, r-release-macos-arm64, r-release-macos-x86_64, r-release-windows-x86_64, r-oldrel-macos-arm64, r-oldrel-macos-x86_64, r-oldrel-windows-x86_64

Version: 0.1.1
Check: dependencies in R code
Result: NOTE Namespace in Imports field not imported from: ‘methods’ All declared Imports should be used. Flavors: r-devel-linux-x86_64-fedora-clang, r-devel-linux-x86_64-fedora-gcc