Last updated on 2025-01-23 18:50:40 CET.
Flavor | Version | Tinstall | Tcheck | Ttotal | Status | Flags |
---|---|---|---|---|---|---|
r-devel-linux-x86_64-debian-clang | 0.1-8 | 3.32 | 36.81 | 40.13 | OK | |
r-devel-linux-x86_64-debian-gcc | 0.1-8 | 1.99 | 27.88 | 29.87 | NOTE | |
r-devel-linux-x86_64-fedora-clang | 0.1-8 | 65.26 | OK | |||
r-devel-linux-x86_64-fedora-gcc | 0.1-8 | 59.63 | OK | |||
r-devel-windows-x86_64 | 0.1-8 | 6.00 | 57.00 | 63.00 | OK | |
r-patched-linux-x86_64 | 0.1-8 | 3.20 | 35.28 | 38.48 | OK | |
r-release-linux-x86_64 | 0.1-8 | 2.77 | 34.23 | 37.00 | OK | |
r-release-macos-arm64 | 0.1-8 | 23.00 | OK | |||
r-release-macos-x86_64 | 0.1-8 | 32.00 | OK | |||
r-release-windows-x86_64 | 0.1-8 | 5.00 | 55.00 | 60.00 | OK | |
r-oldrel-macos-arm64 | 0.1-8 | 24.00 | OK | |||
r-oldrel-macos-x86_64 | 0.1-8 | 33.00 | OK | |||
r-oldrel-windows-x86_64 | 0.1-8 | 6.00 | 63.00 | 69.00 | OK |
Version: 0.1-8
Check: DESCRIPTION meta-information
Result: NOTE
Missing dependency on R >= 4.1.0 because package code uses the pipe
|> or function shorthand \(...) syntax added in R 4.1.0.
File(s) using such syntax:
‘SiZer.R’
Flavor: r-devel-linux-x86_64-debian-gcc