CRAN Package Check Results for Package SiER

Last updated on 2024-04-22 10:56:37 CEST.

Flavor Version Tinstall Tcheck Ttotal Status Flags
r-devel-linux-x86_64-debian-clang 0.1.0 2.55 31.98 34.53 NOTE
r-devel-linux-x86_64-debian-gcc 0.1.0 2.20 25.77 27.97 NOTE
r-devel-linux-x86_64-fedora-clang 0.1.0 43.68 NOTE
r-devel-linux-x86_64-fedora-gcc 0.1.0 44.29 NOTE
r-prerel-macos-arm64 0.1.0 18.00 NOTE
r-prerel-windows-x86_64 0.1.0 3.00 52.00 55.00 NOTE
r-patched-linux-x86_64 0.1.0 2.93 31.86 34.79 NOTE
r-release-linux-x86_64 0.1.0 2.46 32.84 35.30 NOTE
r-release-macos-arm64 0.1.0 20.00 NOTE
r-release-macos-x86_64 0.1.0 27.00 NOTE
r-release-windows-x86_64 0.1.0 4.00 48.00 52.00 NOTE
r-oldrel-macos-arm64 0.1.0 20.00 NOTE
r-oldrel-windows-x86_64 0.1.0 4.00 56.00 60.00 NOTE

Check Details

Version: 0.1.0
Check: LazyData
Result: NOTE 'LazyData' is specified without a 'data' directory Flavors: r-devel-linux-x86_64-debian-clang, r-devel-linux-x86_64-debian-gcc, r-devel-linux-x86_64-fedora-clang, r-devel-linux-x86_64-fedora-gcc, r-prerel-macos-arm64, r-prerel-windows-x86_64, r-patched-linux-x86_64, r-release-linux-x86_64, r-release-macos-arm64, r-release-macos-x86_64, r-release-windows-x86_64, r-oldrel-macos-arm64, r-oldrel-windows-x86_64