CRAN Package Check Results for Package SentimentAnalysis

Last updated on 2024-04-20 18:56:45 CEST.

Flavor Version Tinstall Tcheck Ttotal Status Flags
r-devel-linux-x86_64-debian-clang 1.3-5 2.82 95.39 98.21 NOTE
r-devel-linux-x86_64-debian-gcc 1.3-5 3.33 66.05 69.38 NOTE
r-devel-linux-x86_64-fedora-clang 1.3-5 121.14 NOTE
r-devel-linux-x86_64-fedora-gcc 1.3-5 127.38 NOTE
r-prerel-macos-arm64 1.3-5 43.00 NOTE
r-prerel-windows-x86_64 1.3-5 6.00 90.00 96.00 NOTE
r-patched-linux-x86_64 1.3-5 4.50 89.46 93.96 NOTE
r-release-linux-x86_64 1.3-5 3.06 88.75 91.81 OK
r-release-macos-arm64 1.3-5 42.00 OK
r-release-macos-x86_64 1.3-5 85.00 OK
r-release-windows-x86_64 1.3-5 7.00 111.00 118.00 OK
r-oldrel-macos-arm64 1.3-5 43.00 OK
r-oldrel-windows-x86_64 1.3-5 7.00 105.00 112.00 OK

Check Details

Version: 1.3-5
Check: Rd files
Result: NOTE checkRd: (-1) SentimentDictionaryWeighted.Rd:57: Lost braces 57 | Pr{\"o}llochs and Feuerriegel (2018). Statistical inferences for | ^ checkRd: (-1) enetEstimation.Rd:21-23: Lost braces in \itemize; meant \describe ? checkRd: (-1) enetEstimation.Rd:24-28: Lost braces in \itemize; meant \describe ? checkRd: (-1) enetEstimation.Rd:29-31: Lost braces in \itemize; meant \describe ? checkRd: (-1) enetEstimation.Rd:32: Lost braces in \itemize; meant \describe ? checkRd: (-1) generateDictionary.Rd:113-117: Lost braces in \itemize; meant \describe ? checkRd: (-1) generateDictionary.Rd:118-120: Lost braces in \itemize; meant \describe ? checkRd: (-1) generateDictionary.Rd:121: Lost braces in \itemize; meant \describe ? checkRd: (-1) generateDictionary.Rd:126-130: Lost braces in \itemize; meant \describe ? checkRd: (-1) generateDictionary.Rd:131-133: Lost braces in \itemize; meant \describe ? checkRd: (-1) generateDictionary.Rd:134: Lost braces in \itemize; meant \describe ? checkRd: (-1) generateDictionary.Rd:139-141: Lost braces in \itemize; meant \describe ? checkRd: (-1) generateDictionary.Rd:142-146: Lost braces in \itemize; meant \describe ? checkRd: (-1) generateDictionary.Rd:147-149: Lost braces in \itemize; meant \describe ? checkRd: (-1) generateDictionary.Rd:150: Lost braces in \itemize; meant \describe ? checkRd: (-1) generateDictionary.Rd:157-159: Lost braces in \itemize; meant \describe ? checkRd: (-1) generateDictionary.Rd:164: Lost braces in \itemize; meant \describe ? checkRd: (-1) generateDictionary.Rd:165: Lost braces in \itemize; meant \describe ? checkRd: (-1) generateDictionary.Rd:277: Lost braces 277 | Pr{\"o}llochs and Feuerriegel (2018). Statistical inferences for | ^ checkRd: (-1) glmEstimation.Rd:16-18: Lost braces in \itemize; meant \describe ? checkRd: (-1) lassoEstimation.Rd:21-25: Lost braces in \itemize; meant \describe ? checkRd: (-1) lassoEstimation.Rd:26-28: Lost braces in \itemize; meant \describe ? checkRd: (-1) lassoEstimation.Rd:29: Lost braces in \itemize; meant \describe ? checkRd: (-1) ridgeEstimation.Rd:21-25: Lost braces in \itemize; meant \describe ? checkRd: (-1) ridgeEstimation.Rd:26-28: Lost braces in \itemize; meant \describe ? checkRd: (-1) ridgeEstimation.Rd:29: Lost braces in \itemize; meant \describe ? Flavors: r-devel-linux-x86_64-debian-clang, r-devel-linux-x86_64-debian-gcc, r-devel-linux-x86_64-fedora-clang, r-devel-linux-x86_64-fedora-gcc, r-prerel-macos-arm64, r-prerel-windows-x86_64, r-patched-linux-x86_64