CRAN Package Check Results for Package SUNGEO

Last updated on 2024-06-14 02:54:19 CEST.

Flavor Version Tinstall Tcheck Ttotal Status Flags
r-devel-linux-x86_64-debian-clang 1.3.0 47.94 384.94 432.88 OK
r-devel-linux-x86_64-debian-gcc 1.3.0 0.43 1.58 2.01 ERROR
r-devel-linux-x86_64-fedora-clang 1.3.0 530.17 OK
r-devel-linux-x86_64-fedora-gcc 1.3.0 486.70 OK
r-devel-windows-x86_64 1.3.0 33.00 230.00 263.00 OK
r-patched-linux-x86_64 1.3.0 41.70 374.82 416.52 OK
r-release-linux-x86_64 1.3.0 27.98 364.87 392.85 OK
r-release-macos-arm64 1.3.0 113.00 OK
r-release-macos-x86_64 1.3.0 198.00 OK
r-release-windows-x86_64 1.3.0 34.00 228.00 262.00 OK
r-oldrel-macos-arm64 1.3.0 116.00 OK
r-oldrel-macos-x86_64 1.3.0 351.00 OK
r-oldrel-windows-x86_64 1.3.0 45.00 318.00 363.00 OK

Check Details

Version: 1.3.0
Check: package dependencies
Result: ERROR Packages required but not available: 'dplyr', 'stringr', 'purrr', 'rmapshaper', 'automap' See section ‘The DESCRIPTION file’ in the ‘Writing R Extensions’ manual. Flavor: r-devel-linux-x86_64-debian-gcc