Last updated on 2023-01-31 03:00:57 CET.
Flavor | Version | Tinstall | Tcheck | Ttotal | Status | Flags |
---|---|---|---|---|---|---|
r-devel-linux-x86_64-debian-clang | 2.0-0.0 | 62.07 | 332.31 | 394.38 | OK | |
r-devel-linux-x86_64-debian-gcc | 2.0-0.0 | 54.23 | 237.99 | 292.22 | OK | |
r-devel-linux-x86_64-fedora-clang | 2.0-0.0 | 477.70 | NOTE | |||
r-devel-linux-x86_64-fedora-gcc | 2.0-0.0 | 503.09 | OK | |||
r-devel-windows-x86_64 | 2.0-0.0 | 89.00 | 345.00 | 434.00 | NOTE | |
r-patched-linux-x86_64 | 2.0-0.0 | 56.24 | 310.14 | 366.38 | OK | |
r-release-linux-x86_64 | 2.0-0.0 | 64.82 | 306.61 | 371.43 | OK | |
r-release-macos-arm64 | 2.0-0.0 | 106.00 | NOTE | |||
r-release-macos-x86_64 | 2.0-0.0 | 144.00 | NOTE | |||
r-release-windows-x86_64 | 2.0-0.0 | 80.00 | 336.00 | 416.00 | NOTE | |
r-oldrel-macos-arm64 | 2.0-0.0 | 107.00 | NOTE | |||
r-oldrel-macos-x86_64 | 2.0-0.0 | 148.00 | NOTE | |||
r-oldrel-windows-ix86+x86_64 | 2.0-0.0 | 110.00 | 333.00 | 443.00 | NOTE |
Version: 2.0-0.0
Check: package dependencies
Result: NOTE
Imports includes 22 non-default packages.
Importing from so many packages makes the package vulnerable to any of
them becoming unavailable. Move as many as possible to Suggests and
use conditionally.
Flavor: r-devel-linux-x86_64-fedora-clang
Version: 2.0-0.0
Check: installed package size
Result: NOTE
installed size is 7.4Mb
sub-directories of 1Mb or more:
R 1.3Mb
doc 5.0Mb
Flavors: r-devel-linux-x86_64-fedora-clang, r-devel-windows-x86_64, r-release-macos-arm64, r-release-macos-x86_64, r-release-windows-x86_64, r-oldrel-macos-arm64, r-oldrel-macos-x86_64, r-oldrel-windows-ix86+x86_64