CRAN Package Check Results for Package RclusTool

Last updated on 2023-02-06 02:52:46 CET.

Flavor Version Tinstall Tcheck Ttotal Status Flags
r-devel-linux-x86_64-debian-clang 0.91.5 23.57 193.26 216.83 OK
r-devel-linux-x86_64-debian-gcc 0.91.5 19.67 137.80 157.47 OK
r-devel-linux-x86_64-fedora-clang 0.91.5 274.51 NOTE
r-devel-linux-x86_64-fedora-gcc 0.91.5 264.62 OK
r-devel-windows-x86_64 0.91.5 56.00 301.00 357.00 OK
r-patched-linux-x86_64 0.91.5 27.62 201.93 229.55 OK
r-release-linux-x86_64 0.91.5 29.11 206.97 236.08 OK
r-release-macos-arm64 0.91.5 69.00 OK
r-release-macos-x86_64 0.91.5 159.00 OK
r-release-windows-x86_64 0.91.5 75.00 258.00 333.00 OK
r-oldrel-macos-arm64 0.91.5 49.00 OK
r-oldrel-macos-x86_64 0.91.5 144.00 OK
r-oldrel-windows-ix86+x86_64 0.91.5 53.00 215.00 268.00 OK

Check Details

Version: 0.91.5
Check: package dependencies
Result: NOTE
    Imports includes 23 non-default packages.
    Importing from so many packages makes the package vulnerable to any of
    them becoming unavailable. Move as many as possible to Suggests and
    use conditionally.
Flavor: r-devel-linux-x86_64-fedora-clang