CRAN Package Check Results for Package RanglaPunjab

Last updated on 2025-01-24 18:49:53 CET.

Flavor Version Tinstall Tcheck Ttotal Status Flags
r-devel-linux-x86_64-debian-clang 2.3.4 3.78 33.35 37.13 OK
r-devel-linux-x86_64-debian-gcc 2.3.4 2.84 25.92 28.76 OK
r-devel-linux-x86_64-fedora-clang 2.3.4 61.17 OK
r-devel-linux-x86_64-fedora-gcc 2.3.4 70.52 OK
r-devel-windows-x86_64 2.3.4 6.00 53.00 59.00 OK
r-patched-linux-x86_64 2.3.4 4.29 31.77 36.06 NOTE
r-release-linux-x86_64 2.3.4 3.71 31.74 35.45 NOTE
r-release-macos-arm64 2.3.4 29.00 NOTE
r-release-macos-x86_64 2.3.4 41.00 NOTE
r-release-windows-x86_64 2.3.4 5.00 54.00 59.00 NOTE
r-oldrel-macos-arm64 2.3.4 32.00 NOTE
r-oldrel-macos-x86_64 2.3.4 44.00 NOTE
r-oldrel-windows-x86_64 2.3.4 7.00 57.00 64.00 NOTE

Check Details

Version: 2.3.4
Check: LazyData
Result: NOTE 'LazyData' is specified without a 'data' directory Flavors: r-patched-linux-x86_64, r-release-linux-x86_64, r-release-macos-arm64, r-release-macos-x86_64, r-release-windows-x86_64, r-oldrel-macos-arm64, r-oldrel-macos-x86_64, r-oldrel-windows-x86_64