CRAN Package Check Results for Package RaSEn

Last updated on 2024-04-20 18:56:43 CEST.

Flavor Version Tinstall Tcheck Ttotal Status Flags
r-devel-linux-x86_64-debian-clang 3.0.0 30.40 449.78 480.18 OK
r-devel-linux-x86_64-debian-gcc 3.0.0 20.34 309.39 329.73 OK
r-devel-linux-x86_64-fedora-clang 3.0.0 560.66 OK
r-devel-linux-x86_64-fedora-gcc 3.0.0 566.04 OK
r-prerel-macos-arm64 3.0.0 110.00 NOTE
r-prerel-windows-x86_64 3.0.0 21.00 285.00 306.00 OK
r-patched-linux-x86_64 3.0.0 16.75 421.68 438.43 OK
r-release-linux-x86_64 3.0.0 17.57 413.21 430.78 OK
r-release-macos-arm64 3.0.0 121.00 OK
r-release-macos-x86_64 3.0.0 217.00 NOTE
r-release-windows-x86_64 3.0.0 31.00 338.00 369.00 OK
r-oldrel-macos-arm64 3.0.0 107.00 OK
r-oldrel-windows-x86_64 3.0.0 31.00 343.00 374.00 OK

Check Details

Version: 3.0.0
Check: installed package size
Result: NOTE installed size is 5.2Mb sub-directories of 1Mb or more: data 4.5Mb Flavors: r-prerel-macos-arm64, r-release-macos-x86_64