CRAN Package Check Results for Package RZigZag

Last updated on 2018-08-17 18:47:10 CEST.

Flavor Version Tinstall Tcheck Ttotal Status Flags
r-devel-linux-x86_64-debian-clang 0.1.6 43.60 23.83 67.43 OK
r-devel-linux-x86_64-debian-gcc 0.1.6 36.03 19.78 55.81 OK
r-devel-linux-x86_64-fedora-clang 0.1.6 91.26 NOTE
r-devel-linux-x86_64-fedora-gcc 0.1.6 86.32 OK
r-devel-windows-ix86+x86_64 0.1.6 86.00 71.00 157.00 OK
r-patched-linux-x86_64 0.1.6 43.53 21.79 65.32 OK
r-patched-solaris-x86 0.1.6 87.00 OK
r-release-linux-x86_64 0.1.6 41.67 21.73 63.40 OK
r-release-windows-ix86+x86_64 0.1.6 93.00 65.00 158.00 OK
r-release-osx-x86_64 0.1.6 NOTE
r-oldrel-windows-ix86+x86_64 0.1.6 74.00 70.00 144.00 OK
r-oldrel-osx-x86_64 0.1.6 NOTE

Check Details

Version: 0.1.6
Check: installed package size
Result: NOTE
     installed size is 13.0Mb
     sub-directories of 1Mb or more:
     libs 12.9Mb
Flavors: r-devel-linux-x86_64-fedora-clang, r-release-osx-x86_64, r-oldrel-osx-x86_64