CRAN Package Check Results for Package RZigZag

Last updated on 2018-11-17 02:48:43 CET.

Flavor Version Tinstall Tcheck Ttotal Status Flags
r-devel-linux-x86_64-debian-clang 0.1.6 44.50 22.33 66.83 OK
r-devel-linux-x86_64-debian-gcc 0.1.6 37.04 18.83 55.87 OK
r-devel-linux-x86_64-fedora-clang 0.1.6 98.99 NOTE
r-devel-linux-x86_64-fedora-gcc 0.1.6 84.39 OK
r-devel-windows-ix86+x86_64 0.1.6 88.00 68.00 156.00 OK
r-patched-linux-x86_64 0.1.6 45.07 22.00 67.07 OK
r-patched-solaris-x86 0.1.6 85.20 OK
r-release-linux-x86_64 0.1.6 44.29 21.56 65.85 OK
r-release-windows-ix86+x86_64 0.1.6 89.00 67.00 156.00 OK
r-release-osx-x86_64 0.1.6 NOTE
r-oldrel-windows-ix86+x86_64 0.1.6 90.00 64.00 154.00 OK
r-oldrel-osx-x86_64 0.1.6 NOTE

Check Details

Version: 0.1.6
Check: installed package size
Result: NOTE
     installed size is 13.2Mb
     sub-directories of 1Mb or more:
     libs 13.1Mb
Flavors: r-devel-linux-x86_64-fedora-clang, r-release-osx-x86_64, r-oldrel-osx-x86_64