CRAN Package Check Results for Package RZigZag

Last updated on 2018-01-20 02:49:28 CET.

Flavor Version Tinstall Tcheck Ttotal Status Flags
r-devel-linux-x86_64-debian-clang 0.1.4 29.34 21.45 50.79 OK
r-devel-linux-x86_64-debian-gcc 0.1.4 24.06 18.30 42.36 OK
r-devel-linux-x86_64-fedora-clang 0.1.4 74.72 NOTE
r-devel-linux-x86_64-fedora-gcc 0.1.4 67.86 NOTE
r-devel-windows-ix86+x86_64 0.1.4 69.00 73.00 142.00 OK
r-patched-linux-x86_64 0.1.4 28.74 20.21 48.95 OK
r-patched-solaris-x86 0.1.4 73.90 OK
r-release-linux-x86_64 0.1.4 26.57 20.36 46.93 OK
r-release-windows-ix86+x86_64 0.1.4 69.00 60.00 129.00 OK
r-release-osx-x86_64 0.1.4 NOTE
r-oldrel-windows-ix86+x86_64 0.1.4 67.00 51.00 118.00 OK
r-oldrel-osx-x86_64 0.1.4 NOTE

Check Details

Version: 0.1.4
Check: installed package size
Result: NOTE
     installed size is 12.0Mb
     sub-directories of 1Mb or more:
     libs 11.9Mb
Flavors: r-devel-linux-x86_64-fedora-clang, r-devel-linux-x86_64-fedora-gcc, r-release-osx-x86_64, r-oldrel-osx-x86_64