CRAN Package Check Results for Package RTL

Last updated on 2024-02-24 10:49:32 CET.

Flavor Version Tinstall Tcheck Ttotal Status Flags
r-devel-linux-x86_64-debian-clang 1.3.5 80.02 130.68 210.70 OK
r-devel-linux-x86_64-debian-gcc 1.3.5 60.62 99.92 160.54 OK
r-devel-linux-x86_64-fedora-clang 1.3.5 281.56 NOTE
r-devel-linux-x86_64-fedora-gcc 1.3.5 258.30 NOTE
r-devel-windows-x86_64 1.3.5 64.00 152.00 216.00 OK
r-patched-linux-x86_64 1.3.5 52.96 129.25 182.21 OK
r-release-linux-x86_64 1.3.5 59.32 127.44 186.76 OK
r-release-macos-arm64 1.3.5 72.00 OK
r-release-macos-x86_64 1.3.5 124.00 OK
r-release-windows-x86_64 1.3.5 84.00 183.00 267.00 OK
r-oldrel-macos-arm64 1.3.5 79.00 OK
r-oldrel-windows-x86_64 1.3.5 78.00 171.00 249.00 OK

Check Details

Version: 1.3.5
Check: package dependencies
Result: NOTE Imports includes 23 non-default packages. Importing from so many packages makes the package vulnerable to any of them becoming unavailable. Move as many as possible to Suggests and use conditionally. Flavor: r-devel-linux-x86_64-fedora-clang

Version: 1.3.5
Check: data for non-ASCII characters
Result: NOTE Note: found 50 marked UTF-8 strings Flavors: r-devel-linux-x86_64-fedora-clang, r-devel-linux-x86_64-fedora-gcc