CRAN Package Check Results for Package RSDK

Last updated on 2025-01-24 18:49:55 CET.

Flavor Version Tinstall Tcheck Ttotal Status Flags
r-devel-linux-x86_64-debian-clang 1.0.1 2.15 24.40 26.55 OK
r-devel-linux-x86_64-debian-gcc 1.0.1 1.73 18.15 19.88 OK
r-devel-linux-x86_64-fedora-clang 1.0.1 43.41 NOTE
r-devel-linux-x86_64-fedora-gcc 1.0.1 40.25 NOTE
r-devel-windows-x86_64 1.0.1 4.00 46.00 50.00 OK
r-patched-linux-x86_64 1.0.1 2.15 23.10 25.25 OK
r-release-linux-x86_64 1.0.1 2.29 23.29 25.58 OK
r-release-macos-arm64 1.0.1 18.00 OK
r-release-macos-x86_64 1.0.1 26.00 OK
r-release-windows-x86_64 1.0.1 3.00 46.00 49.00 OK
r-oldrel-macos-arm64 1.0.1 20.00 OK
r-oldrel-macos-x86_64 1.0.1 27.00 OK
r-oldrel-windows-x86_64 1.0.1 4.00 52.00 56.00 OK

Check Details

Version: 1.0.1
Check: dependencies in R code
Result: NOTE Namespaces in Imports field not imported from: ‘keys’ ‘shinyWidgets’ ‘testthat’ All declared Imports should be used. Flavors: r-devel-linux-x86_64-fedora-clang, r-devel-linux-x86_64-fedora-gcc