CRAN Package Check Results for Package RSA

Last updated on 2024-07-17 18:53:34 CEST.

Flavor Version Tinstall Tcheck Ttotal Status Flags
r-devel-linux-x86_64-debian-clang 0.10.6 15.75 106.49 122.24 OK
r-devel-linux-x86_64-debian-gcc 0.10.6 11.54 75.96 87.50 OK
r-devel-linux-x86_64-fedora-clang 0.10.6 156.58 OK
r-devel-linux-x86_64-fedora-gcc 0.10.6 154.10 OK
r-devel-windows-x86_64 0.10.6 12.00 85.00 97.00 NOTE
r-patched-linux-x86_64 0.10.6 20.90 102.01 122.91 OK
r-release-linux-x86_64 0.10.6 15.00 98.74 113.74 OK
r-release-macos-arm64 0.10.6 54.00 OK
r-release-macos-x86_64 0.10.6 73.00 OK
r-release-windows-x86_64 0.10.6 12.00 86.00 98.00 OK
r-oldrel-macos-arm64 0.10.6 45.00 OK
r-oldrel-macos-x86_64 0.10.6 75.00 NOTE
r-oldrel-windows-x86_64 0.10.6 14.00 98.00 112.00 OK

Check Details

Version: 0.10.6
Check: Rd cross-references
Result: NOTE Found the following Rd file(s) with Rd \link{} targets missing package anchors: RSA.Rd: sem Please provide package anchors for all Rd \link{} targets not in the package itself and the base packages. Flavor: r-devel-windows-x86_64

Version: 0.10.6
Check: package dependencies
Result: NOTE Packages suggested but not available for checking: 'fields', 'qgraph' Flavor: r-oldrel-macos-x86_64